{"id":27,"date":"2023-09-06T14:32:51","date_gmt":"2023-09-06T12:32:51","guid":{"rendered":"https:\/\/rencontrescinemas.eu\/2023\/?page_id=27"},"modified":"2023-09-06T14:32:51","modified_gmt":"2023-09-06T12:32:51","slug":"appel-a-benevoles","status":"publish","type":"page","link":"https:\/\/rencontrescinemas.eu\/2023\/appel-a-benevoles\/","title":{"rendered":"Appel \u00e0 b\u00e9n\u00e9voles"},"content":{"rendered":"\n<div class=\"wp-block-image\"><figure class=\"aligncenter size-large is-resized\"><img loading=\"lazy\" decoding=\"async\" src=\"https:\/\/rencontrescinemas.eu\/2023\/wp-content\/uploads\/sites\/6\/2023\/09\/ClubZero_Cannes5_ccoop99-_-Coproduction-Office-1024x554.jpg\" alt=\"\" class=\"wp-image-28\" width=\"635\" height=\"343\" srcset=\"https:\/\/rencontrescinemas.eu\/2023\/wp-content\/uploads\/sites\/6\/2023\/09\/ClubZero_Cannes5_ccoop99-_-Coproduction-Office-1024x554.jpg 1024w, https:\/\/rencontrescinemas.eu\/2023\/wp-content\/uploads\/sites\/6\/2023\/09\/ClubZero_Cannes5_ccoop99-_-Coproduction-Office-300x162.jpg 300w, https:\/\/rencontrescinemas.eu\/2023\/wp-content\/uploads\/sites\/6\/2023\/09\/ClubZero_Cannes5_ccoop99-_-Coproduction-Office-768x415.jpg 768w, https:\/\/rencontrescinemas.eu\/2023\/wp-content\/uploads\/sites\/6\/2023\/09\/ClubZero_Cannes5_ccoop99-_-Coproduction-Office-1536x830.jpg 1536w, https:\/\/rencontrescinemas.eu\/2023\/wp-content\/uploads\/sites\/6\/2023\/09\/ClubZero_Cannes5_ccoop99-_-Coproduction-Office-2048x1107.jpg 2048w, https:\/\/rencontrescinemas.eu\/2023\/wp-content\/uploads\/sites\/6\/2023\/09\/ClubZero_Cannes5_ccoop99-_-Coproduction-Office-1200x649.jpg 1200w, https:\/\/rencontrescinemas.eu\/2023\/wp-content\/uploads\/sites\/6\/2023\/09\/ClubZero_Cannes5_ccoop99-_-Coproduction-Office-2000x1081.jpg 2000w, https:\/\/rencontrescinemas.eu\/2023\/wp-content\/uploads\/sites\/6\/2023\/09\/ClubZero_Cannes5_ccoop99-_-Coproduction-Office-555x300.jpg 555w, https:\/\/rencontrescinemas.eu\/2023\/wp-content\/uploads\/sites\/6\/2023\/09\/ClubZero_Cannes5_ccoop99-_-Coproduction-Office-148x80.jpg 148w\" sizes=\"auto, (max-width: 635px) 100vw, 635px\" \/><\/figure><\/div>\n\n\n\n<h1 class=\"has-text-align-center wp-block-heading\"><strong>Appel \u00e0 b\u00e9n\u00e9voles<\/strong><\/h1>\n\n\n\n<p> Des fourmis dans les jambes ? Besoin de s&rsquo;occuper\u00a0les mains ? <\/p>\n\n\n\n<p> <br>Alors si vous souhaitez d\u00e9couvrir l&rsquo;envers du d\u00e9cor et vous immerger pendant une semaine dans la fi\u00e8vre des Rencontres, n&rsquo;h\u00e9sitez pas \u00e0 nous rejoindre et \u00e0 participer \u00e0 cette formidable aventure humaine que sont Les Rencontres des Cin\u00e9mas d&rsquo;Europe ! <\/p>\n\n\n\n<p> <br><em>Contactez-nous par<\/em> <em>mail \u00e0<\/em> : jerome@maisonimage.eu <\/p>\n","protected":false},"excerpt":{"rendered":"<p>Appel \u00e0 b\u00e9n\u00e9voles Des fourmis dans les jambes ? Besoin de s&rsquo;occuper\u00a0les mains ? Alors si vous souhaitez d\u00e9couvrir l&rsquo;envers du d\u00e9cor et vous immerger pendant une semaine dans la fi\u00e8vre des Rencontres, n&rsquo;h\u00e9sitez pas \u00e0 nous rejoindre et \u00e0 participer \u00e0 cette formidable aventure humaine que sont Les Rencontres des Cin\u00e9mas d&rsquo;Europe ! Contactez-nous [&hellip;]<\/p>\n","protected":false},"author":6,"featured_media":0,"parent":0,"menu_order":0,"comment_status":"closed","ping_status":"closed","template":"","meta":{"footnotes":""},"class_list":["post-27","page","type-page","status-publish","hentry"],"yoast_head":"<!-- This site is optimized with the Yoast SEO plugin v17.5 - https:\/\/yoast.com\/wordpress\/plugins\/seo\/ -->\n<title>Appel \u00e0 b\u00e9n\u00e9voles - RCE 23<\/title>\n<meta name=\"robots\" content=\"index, follow, max-snippet:-1, max-image-preview:large, max-video-preview:-1\" \/>\n<link rel=\"canonical\" href=\"https:\/\/rencontrescinemas.eu\/2023\/appel-a-benevoles\/\" \/>\n<meta property=\"og:locale\" content=\"fr_FR\" \/>\n<meta property=\"og:type\" content=\"article\" \/>\n<meta property=\"og:title\" content=\"Appel \u00e0 b\u00e9n\u00e9voles - RCE 23\" \/>\n<meta property=\"og:description\" content=\"Appel \u00e0 b\u00e9n\u00e9voles Des fourmis dans les jambes ? Besoin de s&rsquo;occuper\u00a0les mains ? Alors si vous souhaitez d\u00e9couvrir l&rsquo;envers du d\u00e9cor et vous immerger pendant une semaine dans la fi\u00e8vre des Rencontres, n&rsquo;h\u00e9sitez pas \u00e0 nous rejoindre et \u00e0 participer \u00e0 cette formidable aventure humaine que sont Les Rencontres des Cin\u00e9mas d&rsquo;Europe ! Contactez-nous [&hellip;]\" \/>\n<meta property=\"og:url\" content=\"https:\/\/rencontrescinemas.eu\/2023\/appel-a-benevoles\/\" \/>\n<meta property=\"og:site_name\" content=\"RCE 23\" \/>\n<meta property=\"og:image\" content=\"https:\/\/rencontrescinemas.eu\/2023\/wp-content\/uploads\/sites\/6\/2023\/09\/ClubZero_Cannes5_ccoop99-_-Coproduction-Office-1024x554.jpg\" \/>\n<meta name=\"twitter:card\" content=\"summary_large_image\" \/>\n<meta name=\"twitter:label1\" content=\"Dur\u00e9e de lecture est.\" \/>\n\t<meta name=\"twitter:data1\" content=\"1 minute\" \/>\n<script type=\"application\/ld+json\" class=\"yoast-schema-graph\">{\"@context\":\"https:\/\/schema.org\",\"@graph\":[{\"@type\":\"WebSite\",\"@id\":\"https:\/\/rencontrescinemas.eu\/2023\/#website\",\"url\":\"https:\/\/rencontrescinemas.eu\/2023\/\",\"name\":\"RCE 23\",\"description\":\"Un site utilisant Les Rencontres des Cin\\u00e9mas d'Europe\",\"potentialAction\":[{\"@type\":\"SearchAction\",\"target\":{\"@type\":\"EntryPoint\",\"urlTemplate\":\"https:\/\/rencontrescinemas.eu\/2023\/?s={search_term_string}\"},\"query-input\":\"required name=search_term_string\"}],\"inLanguage\":\"fr-FR\"},{\"@type\":\"ImageObject\",\"@id\":\"https:\/\/rencontrescinemas.eu\/2023\/appel-a-benevoles\/#primaryimage\",\"inLanguage\":\"fr-FR\",\"url\":\"https:\/\/rencontrescinemas.eu\/2023\/wp-content\/uploads\/sites\/6\/2023\/09\/ClubZero_Cannes5_ccoop99-_-Coproduction-Office-1024x554.jpg\",\"contentUrl\":\"https:\/\/rencontrescinemas.eu\/2023\/wp-content\/uploads\/sites\/6\/2023\/09\/ClubZero_Cannes5_ccoop99-_-Coproduction-Office-1024x554.jpg\"},{\"@type\":\"WebPage\",\"@id\":\"https:\/\/rencontrescinemas.eu\/2023\/appel-a-benevoles\/#webpage\",\"url\":\"https:\/\/rencontrescinemas.eu\/2023\/appel-a-benevoles\/\",\"name\":\"Appel \\u00e0 b\\u00e9n\\u00e9voles - RCE 23\",\"isPartOf\":{\"@id\":\"https:\/\/rencontrescinemas.eu\/2023\/#website\"},\"primaryImageOfPage\":{\"@id\":\"https:\/\/rencontrescinemas.eu\/2023\/appel-a-benevoles\/#primaryimage\"},\"datePublished\":\"2023-09-06T12:32:51+00:00\",\"dateModified\":\"2023-09-06T12:32:51+00:00\",\"breadcrumb\":{\"@id\":\"https:\/\/rencontrescinemas.eu\/2023\/appel-a-benevoles\/#breadcrumb\"},\"inLanguage\":\"fr-FR\",\"potentialAction\":[{\"@type\":\"ReadAction\",\"target\":[\"https:\/\/rencontrescinemas.eu\/2023\/appel-a-benevoles\/\"]}]},{\"@type\":\"BreadcrumbList\",\"@id\":\"https:\/\/rencontrescinemas.eu\/2023\/appel-a-benevoles\/#breadcrumb\",\"itemListElement\":[{\"@type\":\"ListItem\",\"position\":1,\"name\":\"Accueil\",\"item\":\"https:\/\/rencontrescinemas.eu\/2023\/\"},{\"@type\":\"ListItem\",\"position\":2,\"name\":\"Appel \\u00e0 b\\u00e9n\\u00e9voles\"}]}]}<\/script>\n<!-- \/ Yoast SEO plugin. -->","yoast_head_json":{"title":"Appel \u00e0 b\u00e9n\u00e9voles - RCE 23","robots":{"index":"index","follow":"follow","max-snippet":"max-snippet:-1","max-image-preview":"max-image-preview:large","max-video-preview":"max-video-preview:-1"},"canonical":"https:\/\/rencontrescinemas.eu\/2023\/appel-a-benevoles\/","og_locale":"fr_FR","og_type":"article","og_title":"Appel \u00e0 b\u00e9n\u00e9voles - RCE 23","og_description":"Appel \u00e0 b\u00e9n\u00e9voles Des fourmis dans les jambes ? Besoin de s&rsquo;occuper\u00a0les mains ? Alors si vous souhaitez d\u00e9couvrir l&rsquo;envers du d\u00e9cor et vous immerger pendant une semaine dans la fi\u00e8vre des Rencontres, n&rsquo;h\u00e9sitez pas \u00e0 nous rejoindre et \u00e0 participer \u00e0 cette formidable aventure humaine que sont Les Rencontres des Cin\u00e9mas d&rsquo;Europe ! Contactez-nous [&hellip;]","og_url":"https:\/\/rencontrescinemas.eu\/2023\/appel-a-benevoles\/","og_site_name":"RCE 23","og_image":[{"url":"https:\/\/rencontrescinemas.eu\/2023\/wp-content\/uploads\/sites\/6\/2023\/09\/ClubZero_Cannes5_ccoop99-_-Coproduction-Office-1024x554.jpg"}],"twitter_card":"summary_large_image","twitter_misc":{"Dur\u00e9e de lecture est.":"1 minute"},"schema":{"@context":"https:\/\/schema.org","@graph":[{"@type":"WebSite","@id":"https:\/\/rencontrescinemas.eu\/2023\/#website","url":"https:\/\/rencontrescinemas.eu\/2023\/","name":"RCE 23","description":"Un site utilisant Les Rencontres des Cin\u00e9mas d'Europe","potentialAction":[{"@type":"SearchAction","target":{"@type":"EntryPoint","urlTemplate":"https:\/\/rencontrescinemas.eu\/2023\/?s={search_term_string}"},"query-input":"required name=search_term_string"}],"inLanguage":"fr-FR"},{"@type":"ImageObject","@id":"https:\/\/rencontrescinemas.eu\/2023\/appel-a-benevoles\/#primaryimage","inLanguage":"fr-FR","url":"https:\/\/rencontrescinemas.eu\/2023\/wp-content\/uploads\/sites\/6\/2023\/09\/ClubZero_Cannes5_ccoop99-_-Coproduction-Office-1024x554.jpg","contentUrl":"https:\/\/rencontrescinemas.eu\/2023\/wp-content\/uploads\/sites\/6\/2023\/09\/ClubZero_Cannes5_ccoop99-_-Coproduction-Office-1024x554.jpg"},{"@type":"WebPage","@id":"https:\/\/rencontrescinemas.eu\/2023\/appel-a-benevoles\/#webpage","url":"https:\/\/rencontrescinemas.eu\/2023\/appel-a-benevoles\/","name":"Appel \u00e0 b\u00e9n\u00e9voles - RCE 23","isPartOf":{"@id":"https:\/\/rencontrescinemas.eu\/2023\/#website"},"primaryImageOfPage":{"@id":"https:\/\/rencontrescinemas.eu\/2023\/appel-a-benevoles\/#primaryimage"},"datePublished":"2023-09-06T12:32:51+00:00","dateModified":"2023-09-06T12:32:51+00:00","breadcrumb":{"@id":"https:\/\/rencontrescinemas.eu\/2023\/appel-a-benevoles\/#breadcrumb"},"inLanguage":"fr-FR","potentialAction":[{"@type":"ReadAction","target":["https:\/\/rencontrescinemas.eu\/2023\/appel-a-benevoles\/"]}]},{"@type":"BreadcrumbList","@id":"https:\/\/rencontrescinemas.eu\/2023\/appel-a-benevoles\/#breadcrumb","itemListElement":[{"@type":"ListItem","position":1,"name":"Accueil","item":"https:\/\/rencontrescinemas.eu\/2023\/"},{"@type":"ListItem","position":2,"name":"Appel \u00e0 b\u00e9n\u00e9voles"}]}]}},"_links":{"self":[{"href":"https:\/\/rencontrescinemas.eu\/2023\/wp-json\/wp\/v2\/pages\/27","targetHints":{"allow":["GET"]}}],"collection":[{"href":"https:\/\/rencontrescinemas.eu\/2023\/wp-json\/wp\/v2\/pages"}],"about":[{"href":"https:\/\/rencontrescinemas.eu\/2023\/wp-json\/wp\/v2\/types\/page"}],"author":[{"embeddable":true,"href":"https:\/\/rencontrescinemas.eu\/2023\/wp-json\/wp\/v2\/users\/6"}],"replies":[{"embeddable":true,"href":"https:\/\/rencontrescinemas.eu\/2023\/wp-json\/wp\/v2\/comments?post=27"}],"version-history":[{"count":1,"href":"https:\/\/rencontrescinemas.eu\/2023\/wp-json\/wp\/v2\/pages\/27\/revisions"}],"predecessor-version":[{"id":29,"href":"https:\/\/rencontrescinemas.eu\/2023\/wp-json\/wp\/v2\/pages\/27\/revisions\/29"}],"wp:attachment":[{"href":"https:\/\/rencontrescinemas.eu\/2023\/wp-json\/wp\/v2\/media?parent=27"}],"curies":[{"name":"wp","href":"https:\/\/api.w.org\/{rel}","templated":true}]}}