{"version":"1.0","provider_name":"Rencontres des cin\u00e9mas d&#039;Europe 2025","provider_url":"https:\/\/rencontrescinemas.eu\/2025","author_name":"anna","author_url":"https:\/\/rencontrescinemas.eu\/2025\/author\/anna\/","title":"Le sens de la terre - Rencontres des cin\u00e9mas d&#039;Europe 2025","type":"rich","width":600,"height":338,"html":"<blockquote class=\"wp-embedded-content\" data-secret=\"KjiLVirxrh\"><a href=\"https:\/\/rencontrescinemas.eu\/2025\/related\/le-sens-de-la-terre\/\">Le sens de la terre<\/a><\/blockquote><iframe sandbox=\"allow-scripts\" security=\"restricted\" src=\"https:\/\/rencontrescinemas.eu\/2025\/related\/le-sens-de-la-terre\/embed\/#?secret=KjiLVirxrh\" width=\"600\" height=\"338\" title=\"\u00ab\u00a0Le sens de la terre\u00a0\u00bb &#8212; Rencontres des cin\u00e9mas d&#039;Europe 2025\" data-secret=\"KjiLVirxrh\" frameborder=\"0\" marginwidth=\"0\" marginheight=\"0\" scrolling=\"no\" class=\"wp-embedded-content\"><\/iframe><script type=\"text\/javascript\">\n\/* <![CDATA[ *\/\n\/*! This file is auto-generated *\/\n!function(d,l){\"use strict\";l.querySelector&&d.addEventListener&&\"undefined\"!=typeof URL&&(d.wp=d.wp||{},d.wp.receiveEmbedMessage||(d.wp.receiveEmbedMessage=function(e){var t=e.data;if((t||t.secret||t.message||t.value)&&!\/[^a-zA-Z0-9]\/.test(t.secret)){for(var s,r,n,a=l.querySelectorAll('iframe[data-secret=\"'+t.secret+'\"]'),o=l.querySelectorAll('blockquote[data-secret=\"'+t.secret+'\"]'),c=new RegExp(\"^https?:$\",\"i\"),i=0;i<o.length;i++)o[i].style.display=\"none\";for(i=0;i<a.length;i++)s=a[i],e.source===s.contentWindow&&(s.removeAttribute(\"style\"),\"height\"===t.message?(1e3<(r=parseInt(t.value,10))?r=1e3:~~r<200&&(r=200),s.height=r):\"link\"===t.message&&(r=new URL(s.getAttribute(\"src\")),n=new URL(t.value),c.test(n.protocol))&&n.host===r.host&&l.activeElement===s&&(d.top.location.href=t.value))}},d.addEventListener(\"message\",d.wp.receiveEmbedMessage,!1),l.addEventListener(\"DOMContentLoaded\",function(){for(var e,t,s=l.querySelectorAll(\"iframe.wp-embedded-content\"),r=0;r<s.length;r++)(t=(e=s[r]).getAttribute(\"data-secret\"))||(t=Math.random().toString(36).substring(2,12),e.src+=\"#?secret=\"+t,e.setAttribute(\"data-secret\",t)),e.contentWindow.postMessage({message:\"ready\",secret:t},\"*\")},!1)))}(window,document);\n\/* ]]> *\/\n<\/script>\n","thumbnail_url":"https:\/\/rencontrescinemas.eu\/2025\/wp-content\/uploads\/sites\/8\/2025\/11\/LST-La-Fresque-07.10.2024--scaled.jpg","thumbnail_width":2560,"thumbnail_height":2560,"description":"nos diff\u00e9rences sont nos richesses par Muriel Borovi Cette artiste auteure, photographe, passeuse du vivant, vous invite \u00e0 participer \u00e0 une fresque photographique dans le hall du cin\u00e9ma le Navire et \u00e0 reconna\u00eetre votre image. Il \u00e9tait une fois, un festival r\u00e9v\u00e9l\u00e9 par les visages de ses festivaliers, b\u00e9n\u00e9voles, \u00e9quipes, partenaires\u2026Avec son installation artistique La [&hellip;]"}

Rencontres des cinémas d&#039;Europe 2025

Le sens de la terre - Rencontres des cinémas d&#039;Europe 2025

<blockquote class="wp-embedded-content" data-secret="KjiLVirxrh"><a href="https://rencontrescinemas.eu/2025/related/le-sens-de-la-terre/">Le sens de la terre</a></blockquote><iframe sandbox="allow-scripts" security="restricted" src="https://rencontrescinemas.eu/2025/related/le-sens-de-la-terre/embed/#?secret=KjiLVirxrh" width="600" height="338" title="« Le sens de la terre » &#8212; Rencontres des cinémas d&#039;Europe 2025" data-secret="KjiLVirxrh" frameborder="0" marginwidth="0" marginheight="0" scrolling="no" class="wp-embedded-content"></iframe><script type="text/javascript">
/* <![CDATA[ */
/*! This file is auto-generated */
!function(d,l){"use strict";l.querySelector&&d.addEventListener&&"undefined"!=typeof URL&&(d.wp=d.wp||{},d.wp.receiveEmbedMessage||(d.wp.receiveEmbedMessage=function(e){var t=e.data;if((t||t.secret||t.message||t.value)&&!/[^a-zA-Z0-9]/.test(t.secret)){for(var s,r,n,a=l.querySelectorAll('iframe[data-secret="'+t.secret+'"]'),o=l.querySelectorAll('blockquote[data-secret="'+t.secret+'"]'),c=new RegExp("^https?:$","i"),i=0;i<o.length;i++)o[i].style.display="none";for(i=0;i<a.length;i++)s=a[i],e.source===s.contentWindow&&(s.removeAttribute("style"),"height"===t.message?(1e3<(r=parseInt(t.value,10))?r=1e3:~~r<200&&(r=200),s.height=r):"link"===t.message&&(r=new URL(s.getAttribute("src")),n=new URL(t.value),c.test(n.protocol))&&n.host===r.host&&l.activeElement===s&&(d.top.location.href=t.value))}},d.addEventListener("message",d.wp.receiveEmbedMessage,!1),l.addEventListener("DOMContentLoaded",function(){for(var e,t,s=l.querySelectorAll("iframe.wp-embedded-content"),r=0;r<s.length;r++)(t=(e=s[r]).getAttribute("data-secret"))||(t=Math.random().toString(36).substring(2,12),e.src+="#?secret="+t,e.setAttribute("data-secret",t)),e.contentWindow.postMessage({message:"ready",secret:t},"*")},!1)))}(window,document);
/* ]]> */
</script>

nos différences sont nos richesses par Muriel Borovi Cette artiste auteure, photographe, passeuse du vivant, vous invite à participer à une fresque photographique dans le hall du cinéma le Navire et à reconnaître votre image. Il était une fois, un festival révélé par les visages de ses festivaliers, bénévoles, équipes, partenaires…Avec son installation artistique La [&hellip;]
