{"version":"1.0","provider_name":"Rencontres des cin\u00e9mas d&#039;Europe 2025","provider_url":"https:\/\/rencontrescinemas.eu\/2025","author_name":"anna","author_url":"https:\/\/rencontrescinemas.eu\/2025\/author\/anna\/","title":"Margarethe von Trotta - Rencontres des cin\u00e9mas d&#039;Europe 2025","type":"rich","width":600,"height":338,"html":"<blockquote class=\"wp-embedded-content\" data-secret=\"Th3t7jjkyk\"><a href=\"https:\/\/rencontrescinemas.eu\/2025\/tribute\/hommage\/\">Margarethe von Trotta<\/a><\/blockquote><iframe sandbox=\"allow-scripts\" security=\"restricted\" src=\"https:\/\/rencontrescinemas.eu\/2025\/tribute\/hommage\/embed\/#?secret=Th3t7jjkyk\" width=\"600\" height=\"338\" title=\"\u00ab\u00a0Margarethe von Trotta\u00a0\u00bb &#8212; Rencontres des cin\u00e9mas d&#039;Europe 2025\" data-secret=\"Th3t7jjkyk\" frameborder=\"0\" marginwidth=\"0\" marginheight=\"0\" scrolling=\"no\" class=\"wp-embedded-content\"><\/iframe><script type=\"text\/javascript\">\n\/* <![CDATA[ *\/\n\/*! This file is auto-generated *\/\n!function(d,l){\"use strict\";l.querySelector&&d.addEventListener&&\"undefined\"!=typeof URL&&(d.wp=d.wp||{},d.wp.receiveEmbedMessage||(d.wp.receiveEmbedMessage=function(e){var t=e.data;if((t||t.secret||t.message||t.value)&&!\/[^a-zA-Z0-9]\/.test(t.secret)){for(var s,r,n,a=l.querySelectorAll('iframe[data-secret=\"'+t.secret+'\"]'),o=l.querySelectorAll('blockquote[data-secret=\"'+t.secret+'\"]'),c=new RegExp(\"^https?:$\",\"i\"),i=0;i<o.length;i++)o[i].style.display=\"none\";for(i=0;i<a.length;i++)s=a[i],e.source===s.contentWindow&&(s.removeAttribute(\"style\"),\"height\"===t.message?(1e3<(r=parseInt(t.value,10))?r=1e3:~~r<200&&(r=200),s.height=r):\"link\"===t.message&&(r=new URL(s.getAttribute(\"src\")),n=new URL(t.value),c.test(n.protocol))&&n.host===r.host&&l.activeElement===s&&(d.top.location.href=t.value))}},d.addEventListener(\"message\",d.wp.receiveEmbedMessage,!1),l.addEventListener(\"DOMContentLoaded\",function(){for(var e,t,s=l.querySelectorAll(\"iframe.wp-embedded-content\"),r=0;r<s.length;r++)(t=(e=s[r]).getAttribute(\"data-secret\"))||(t=Math.random().toString(36).substring(2,12),e.src+=\"#?secret=\"+t,e.setAttribute(\"data-secret\",t)),e.contentWindow.postMessage({message:\"ready\",secret:t},\"*\")},!1)))}(window,document);\n\/* ]]> *\/\n<\/script>\n","thumbnail_url":"https:\/\/rencontrescinemas.eu\/2025\/wp-content\/uploads\/sites\/8\/2025\/09\/69181874-48457100-e1761670786617.jpg","thumbnail_width":607,"thumbnail_height":286,"description":"Margarethe von Trotta est une r\u00e9alisatrice et sc\u00e9nariste allemande, figure embl\u00e9matique du cin\u00e9ma europ\u00e9en depuis les ann\u00e9es 1970. Pionni\u00e8re du cin\u00e9ma f\u00e9ministe, elle a su imposer une \u0153uvre profond\u00e9ment engag\u00e9e, centr\u00e9e sur des portraits de femmes fortes, complexes et souvent confront\u00e9es \u00e0 des dilemmes politiques ou personnels. Son cin\u00e9ma m\u00eale histoire et intimit\u00e9, donnant \u00e0 [&hellip;]"}

Rencontres des cinémas d&#039;Europe 2025

Margarethe von Trotta - Rencontres des cinémas d&#039;Europe 2025

<blockquote class="wp-embedded-content" data-secret="Th3t7jjkyk"><a href="https://rencontrescinemas.eu/2025/tribute/hommage/">Margarethe von Trotta</a></blockquote><iframe sandbox="allow-scripts" security="restricted" src="https://rencontrescinemas.eu/2025/tribute/hommage/embed/#?secret=Th3t7jjkyk" width="600" height="338" title="« Margarethe von Trotta » &#8212; Rencontres des cinémas d&#039;Europe 2025" data-secret="Th3t7jjkyk" frameborder="0" marginwidth="0" marginheight="0" scrolling="no" class="wp-embedded-content"></iframe><script type="text/javascript">
/* <![CDATA[ */
/*! This file is auto-generated */
!function(d,l){"use strict";l.querySelector&&d.addEventListener&&"undefined"!=typeof URL&&(d.wp=d.wp||{},d.wp.receiveEmbedMessage||(d.wp.receiveEmbedMessage=function(e){var t=e.data;if((t||t.secret||t.message||t.value)&&!/[^a-zA-Z0-9]/.test(t.secret)){for(var s,r,n,a=l.querySelectorAll('iframe[data-secret="'+t.secret+'"]'),o=l.querySelectorAll('blockquote[data-secret="'+t.secret+'"]'),c=new RegExp("^https?:$","i"),i=0;i<o.length;i++)o[i].style.display="none";for(i=0;i<a.length;i++)s=a[i],e.source===s.contentWindow&&(s.removeAttribute("style"),"height"===t.message?(1e3<(r=parseInt(t.value,10))?r=1e3:~~r<200&&(r=200),s.height=r):"link"===t.message&&(r=new URL(s.getAttribute("src")),n=new URL(t.value),c.test(n.protocol))&&n.host===r.host&&l.activeElement===s&&(d.top.location.href=t.value))}},d.addEventListener("message",d.wp.receiveEmbedMessage,!1),l.addEventListener("DOMContentLoaded",function(){for(var e,t,s=l.querySelectorAll("iframe.wp-embedded-content"),r=0;r<s.length;r++)(t=(e=s[r]).getAttribute("data-secret"))||(t=Math.random().toString(36).substring(2,12),e.src+="#?secret="+t,e.setAttribute("data-secret",t)),e.contentWindow.postMessage({message:"ready",secret:t},"*")},!1)))}(window,document);
/* ]]> */
</script>

Margarethe von Trotta est une réalisatrice et scénariste allemande, figure emblématique du cinéma européen depuis les années 1970. Pionnière du cinéma féministe, elle a su imposer une œuvre profondément engagée, centrée sur des portraits de femmes fortes, complexes et souvent confrontées à des dilemmes politiques ou personnels. Son cinéma mêle histoire et intimité, donnant à [&hellip;]
