{"id":567,"date":"2025-10-28T20:04:19","date_gmt":"2025-10-28T19:04:19","guid":{"rendered":"https:\/\/rencontrescinemas.eu\/2025\/?post_type=related&#038;p=567"},"modified":"2025-11-05T13:57:57","modified_gmt":"2025-11-05T12:57:57","slug":"un-concert-qui-se-vit-comme-un-film","status":"publish","type":"related","link":"https:\/\/rencontrescinemas.eu\/2025\/related\/un-concert-qui-se-vit-comme-un-film\/","title":{"rendered":"Un concert qui se vit comme un film"},"content":{"rendered":"\n<h2 class=\"wp-block-heading\"><\/h2>\n\n\n<div class=\"wp-block-image\">\n<figure class=\"aligncenter size-large is-resized\"><img loading=\"lazy\" decoding=\"async\" width=\"1024\" height=\"768\" src=\"https:\/\/rencontrescinemas.eu\/2025\/wp-content\/uploads\/sites\/8\/2025\/10\/HAPPY_ENDS_c_DAVID_DESREUMAUX-1024x768.jpg\" alt=\"\" class=\"wp-image-800\" style=\"width:593px;height:auto\" srcset=\"https:\/\/rencontrescinemas.eu\/2025\/wp-content\/uploads\/sites\/8\/2025\/10\/HAPPY_ENDS_c_DAVID_DESREUMAUX-1024x768.jpg 1024w, https:\/\/rencontrescinemas.eu\/2025\/wp-content\/uploads\/sites\/8\/2025\/10\/HAPPY_ENDS_c_DAVID_DESREUMAUX-300x225.jpg 300w, https:\/\/rencontrescinemas.eu\/2025\/wp-content\/uploads\/sites\/8\/2025\/10\/HAPPY_ENDS_c_DAVID_DESREUMAUX-768x576.jpg 768w, https:\/\/rencontrescinemas.eu\/2025\/wp-content\/uploads\/sites\/8\/2025\/10\/HAPPY_ENDS_c_DAVID_DESREUMAUX-1536x1152.jpg 1536w, https:\/\/rencontrescinemas.eu\/2025\/wp-content\/uploads\/sites\/8\/2025\/10\/HAPPY_ENDS_c_DAVID_DESREUMAUX-1200x900.jpg 1200w, https:\/\/rencontrescinemas.eu\/2025\/wp-content\/uploads\/sites\/8\/2025\/10\/HAPPY_ENDS_c_DAVID_DESREUMAUX-400x300.jpg 400w, https:\/\/rencontrescinemas.eu\/2025\/wp-content\/uploads\/sites\/8\/2025\/10\/HAPPY_ENDS_c_DAVID_DESREUMAUX-107x80.jpg 107w, https:\/\/rencontrescinemas.eu\/2025\/wp-content\/uploads\/sites\/8\/2025\/10\/HAPPY_ENDS_c_DAVID_DESREUMAUX.jpg 1600w\" sizes=\"auto, (max-width: 1024px) 100vw, 1024px\" \/><\/figure><\/div>\n\n\n<p>Sur sc\u00e8ne, Chlo\u00e9 Lacan et Thibaud Defever jouent, chantent et dialoguent dans une com\u00e9die musicale l\u00e9g\u00e8re et inventive. Accord\u00e9on, guitare, voix et percussions revisitent des airs connus et oubli\u00e9s, du M\u00e9pris de Godard \u00e0 Cabaret, en passant par Peau d\u2019\u00c2ne ou Orfeu Negro.<\/p>\n\n\n\n<h3 class=\"wp-block-heading\">HAPPY ENDS<\/h3>\n\n\n\n<p>Entre clairs-obscurs et atmosph\u00e8re de cin\u00e9ma, ils d\u00e9roulent un sc\u00e9nario \u00ab\u00e9trange et impr\u00e9visible\u00bb, un hommage joyeux et sensible au 7\u1d49 art.<\/p>\n\n\n\n<p> Le plus grand conteur de tous les temps devient alors le h\u00e9ros de sa propre histoire.<\/p>\n\n\n\n<p><em>En partenariat avec Le th\u00e9\u00e2tre des Quinconces de Vals-les-bains.<\/em><\/p>\n\n\n\n<p><em>\u00c0 partir de 7 ans, placement libre <\/em><\/p>\n\n\n\n<p><strong>Mercredi 19 novembre \u00e0 20h30 au Th\u00e9\u00e2tre Les Quinconces \u00e0 Vals-les-Bains<\/strong><br><strong>Tarifs habituels des Quinconces<\/strong><\/p>\n\n\n\n<p>Plein tarif : 17 \u20ac  Tarif r\u00e9duit : 13 \u20ac &#8211; Abonnement : 13 \u20ac &#8211; Abo. adh\u00e9rent : 13 \u20ac &#8211; Tarif -15 ans : 10 \u20ac<\/p>\n\n\n\n<p><\/p>\n\n\n\n<p><\/p>\n\n\n\n<p><\/p>\n\n\n\n<p><\/p>\n\n\n\n<p><\/p>\n\n\n\n<p class=\"has-text-align-left\"><\/p>\n","protected":false},"featured_media":800,"template":"","class_list":["post-567","related","type-related","status-publish","has-post-thumbnail","hentry"],"yoast_head":"<!-- This site is optimized with the Yoast SEO plugin v17.5 - https:\/\/yoast.com\/wordpress\/plugins\/seo\/ -->\n<meta name=\"robots\" content=\"index, follow, max-snippet:-1, max-image-preview:large, max-video-preview:-1\" \/>\n<link rel=\"canonical\" href=\"https:\/\/rencontrescinemas.eu\/2025\/related\/un-concert-qui-se-vit-comme-un-film\/\" \/>\n<meta property=\"og:locale\" content=\"fr_FR\" \/>\n<meta property=\"og:type\" content=\"article\" \/>\n<meta property=\"og:title\" content=\"Un concert qui se vit comme un film - Rencontres des cin\u00e9mas d&#039;Europe 2025\" \/>\n<meta property=\"og:description\" content=\"Sur sc\u00e8ne, Chlo\u00e9 Lacan et Thibaud Defever jouent, chantent et dialoguent dans une com\u00e9die musicale l\u00e9g\u00e8re et inventive. Accord\u00e9on, guitare, voix et percussions revisitent des airs connus et oubli\u00e9s, du M\u00e9pris de Godard \u00e0 Cabaret, en passant par Peau d\u2019\u00c2ne ou Orfeu Negro. HAPPY ENDS Entre clairs-obscurs et atmosph\u00e8re de cin\u00e9ma, ils d\u00e9roulent un sc\u00e9nario [&hellip;]\" \/>\n<meta property=\"og:url\" content=\"https:\/\/rencontrescinemas.eu\/2025\/related\/un-concert-qui-se-vit-comme-un-film\/\" \/>\n<meta property=\"og:site_name\" content=\"Rencontres des cin\u00e9mas d&#039;Europe 2025\" \/>\n<meta property=\"article:modified_time\" content=\"2025-11-05T12:57:57+00:00\" \/>\n<meta property=\"og:image\" content=\"https:\/\/rencontrescinemas.eu\/2025\/wp-content\/uploads\/sites\/8\/2025\/10\/HAPPY_ENDS_c_DAVID_DESREUMAUX.jpg\" \/>\n\t<meta property=\"og:image:width\" content=\"1600\" \/>\n\t<meta property=\"og:image:height\" content=\"1200\" \/>\n<meta name=\"twitter:card\" content=\"summary_large_image\" \/>\n<meta name=\"twitter:label1\" content=\"Dur\u00e9e de lecture est.\" \/>\n\t<meta name=\"twitter:data1\" content=\"1 minute\" \/>\n<script type=\"application\/ld+json\" class=\"yoast-schema-graph\">{\"@context\":\"https:\/\/schema.org\",\"@graph\":[{\"@type\":\"WebSite\",\"@id\":\"https:\/\/rencontrescinemas.eu\/2025\/#website\",\"url\":\"https:\/\/rencontrescinemas.eu\/2025\/\",\"name\":\"Rencontres des cin\\u00e9mas d&#039;Europe 2025\",\"description\":\"Un site utilisant Les Rencontres des Cin\\u00e9mas d'Europe\",\"potentialAction\":[{\"@type\":\"SearchAction\",\"target\":{\"@type\":\"EntryPoint\",\"urlTemplate\":\"https:\/\/rencontrescinemas.eu\/2025\/?s={search_term_string}\"},\"query-input\":\"required name=search_term_string\"}],\"inLanguage\":\"fr-FR\"},{\"@type\":\"ImageObject\",\"@id\":\"https:\/\/rencontrescinemas.eu\/2025\/related\/un-concert-qui-se-vit-comme-un-film\/#primaryimage\",\"inLanguage\":\"fr-FR\",\"url\":\"https:\/\/rencontrescinemas.eu\/2025\/wp-content\/uploads\/sites\/8\/2025\/10\/HAPPY_ENDS_c_DAVID_DESREUMAUX.jpg\",\"contentUrl\":\"https:\/\/rencontrescinemas.eu\/2025\/wp-content\/uploads\/sites\/8\/2025\/10\/HAPPY_ENDS_c_DAVID_DESREUMAUX.jpg\",\"width\":1600,\"height\":1200},{\"@type\":\"WebPage\",\"@id\":\"https:\/\/rencontrescinemas.eu\/2025\/related\/un-concert-qui-se-vit-comme-un-film\/#webpage\",\"url\":\"https:\/\/rencontrescinemas.eu\/2025\/related\/un-concert-qui-se-vit-comme-un-film\/\",\"name\":\"Un concert qui se vit comme un film - Rencontres des cin\\u00e9mas d&#039;Europe 2025\",\"isPartOf\":{\"@id\":\"https:\/\/rencontrescinemas.eu\/2025\/#website\"},\"primaryImageOfPage\":{\"@id\":\"https:\/\/rencontrescinemas.eu\/2025\/related\/un-concert-qui-se-vit-comme-un-film\/#primaryimage\"},\"datePublished\":\"2025-10-28T19:04:19+00:00\",\"dateModified\":\"2025-11-05T12:57:57+00:00\",\"breadcrumb\":{\"@id\":\"https:\/\/rencontrescinemas.eu\/2025\/related\/un-concert-qui-se-vit-comme-un-film\/#breadcrumb\"},\"inLanguage\":\"fr-FR\",\"potentialAction\":[{\"@type\":\"ReadAction\",\"target\":[\"https:\/\/rencontrescinemas.eu\/2025\/related\/un-concert-qui-se-vit-comme-un-film\/\"]}]},{\"@type\":\"BreadcrumbList\",\"@id\":\"https:\/\/rencontrescinemas.eu\/2025\/related\/un-concert-qui-se-vit-comme-un-film\/#breadcrumb\",\"itemListElement\":[{\"@type\":\"ListItem\",\"position\":1,\"name\":\"Accueil\",\"item\":\"https:\/\/rencontrescinemas.eu\/2025\/\"},{\"@type\":\"ListItem\",\"position\":2,\"name\":\"Et aussi...\",\"item\":\"https:\/\/rencontrescinemas.eu\/2025\/related\/\"},{\"@type\":\"ListItem\",\"position\":3,\"name\":\"Un concert qui se vit comme un film\"}]}]}<\/script>\n<!-- \/ Yoast SEO plugin. -->","yoast_head_json":{"robots":{"index":"index","follow":"follow","max-snippet":"max-snippet:-1","max-image-preview":"max-image-preview:large","max-video-preview":"max-video-preview:-1"},"canonical":"https:\/\/rencontrescinemas.eu\/2025\/related\/un-concert-qui-se-vit-comme-un-film\/","og_locale":"fr_FR","og_type":"article","og_title":"Un concert qui se vit comme un film - Rencontres des cin\u00e9mas d&#039;Europe 2025","og_description":"Sur sc\u00e8ne, Chlo\u00e9 Lacan et Thibaud Defever jouent, chantent et dialoguent dans une com\u00e9die musicale l\u00e9g\u00e8re et inventive. Accord\u00e9on, guitare, voix et percussions revisitent des airs connus et oubli\u00e9s, du M\u00e9pris de Godard \u00e0 Cabaret, en passant par Peau d\u2019\u00c2ne ou Orfeu Negro. HAPPY ENDS Entre clairs-obscurs et atmosph\u00e8re de cin\u00e9ma, ils d\u00e9roulent un sc\u00e9nario [&hellip;]","og_url":"https:\/\/rencontrescinemas.eu\/2025\/related\/un-concert-qui-se-vit-comme-un-film\/","og_site_name":"Rencontres des cin\u00e9mas d&#039;Europe 2025","article_modified_time":"2025-11-05T12:57:57+00:00","og_image":[{"width":1600,"height":1200,"url":"https:\/\/rencontrescinemas.eu\/2025\/wp-content\/uploads\/sites\/8\/2025\/10\/HAPPY_ENDS_c_DAVID_DESREUMAUX.jpg","type":"image\/jpeg"}],"twitter_card":"summary_large_image","twitter_misc":{"Dur\u00e9e de lecture est.":"1 minute"},"schema":{"@context":"https:\/\/schema.org","@graph":[{"@type":"WebSite","@id":"https:\/\/rencontrescinemas.eu\/2025\/#website","url":"https:\/\/rencontrescinemas.eu\/2025\/","name":"Rencontres des cin\u00e9mas d&#039;Europe 2025","description":"Un site utilisant Les Rencontres des Cin\u00e9mas d'Europe","potentialAction":[{"@type":"SearchAction","target":{"@type":"EntryPoint","urlTemplate":"https:\/\/rencontrescinemas.eu\/2025\/?s={search_term_string}"},"query-input":"required name=search_term_string"}],"inLanguage":"fr-FR"},{"@type":"ImageObject","@id":"https:\/\/rencontrescinemas.eu\/2025\/related\/un-concert-qui-se-vit-comme-un-film\/#primaryimage","inLanguage":"fr-FR","url":"https:\/\/rencontrescinemas.eu\/2025\/wp-content\/uploads\/sites\/8\/2025\/10\/HAPPY_ENDS_c_DAVID_DESREUMAUX.jpg","contentUrl":"https:\/\/rencontrescinemas.eu\/2025\/wp-content\/uploads\/sites\/8\/2025\/10\/HAPPY_ENDS_c_DAVID_DESREUMAUX.jpg","width":1600,"height":1200},{"@type":"WebPage","@id":"https:\/\/rencontrescinemas.eu\/2025\/related\/un-concert-qui-se-vit-comme-un-film\/#webpage","url":"https:\/\/rencontrescinemas.eu\/2025\/related\/un-concert-qui-se-vit-comme-un-film\/","name":"Un concert qui se vit comme un film - Rencontres des cin\u00e9mas d&#039;Europe 2025","isPartOf":{"@id":"https:\/\/rencontrescinemas.eu\/2025\/#website"},"primaryImageOfPage":{"@id":"https:\/\/rencontrescinemas.eu\/2025\/related\/un-concert-qui-se-vit-comme-un-film\/#primaryimage"},"datePublished":"2025-10-28T19:04:19+00:00","dateModified":"2025-11-05T12:57:57+00:00","breadcrumb":{"@id":"https:\/\/rencontrescinemas.eu\/2025\/related\/un-concert-qui-se-vit-comme-un-film\/#breadcrumb"},"inLanguage":"fr-FR","potentialAction":[{"@type":"ReadAction","target":["https:\/\/rencontrescinemas.eu\/2025\/related\/un-concert-qui-se-vit-comme-un-film\/"]}]},{"@type":"BreadcrumbList","@id":"https:\/\/rencontrescinemas.eu\/2025\/related\/un-concert-qui-se-vit-comme-un-film\/#breadcrumb","itemListElement":[{"@type":"ListItem","position":1,"name":"Accueil","item":"https:\/\/rencontrescinemas.eu\/2025\/"},{"@type":"ListItem","position":2,"name":"Et aussi...","item":"https:\/\/rencontrescinemas.eu\/2025\/related\/"},{"@type":"ListItem","position":3,"name":"Un concert qui se vit comme un film"}]}]}},"_links":{"self":[{"href":"https:\/\/rencontrescinemas.eu\/2025\/wp-json\/wp\/v2\/related\/567","targetHints":{"allow":["GET"]}}],"collection":[{"href":"https:\/\/rencontrescinemas.eu\/2025\/wp-json\/wp\/v2\/related"}],"about":[{"href":"https:\/\/rencontrescinemas.eu\/2025\/wp-json\/wp\/v2\/types\/related"}],"wp:featuredmedia":[{"embeddable":true,"href":"https:\/\/rencontrescinemas.eu\/2025\/wp-json\/wp\/v2\/media\/800"}],"wp:attachment":[{"href":"https:\/\/rencontrescinemas.eu\/2025\/wp-json\/wp\/v2\/media?parent=567"}],"curies":[{"name":"wp","href":"https:\/\/api.w.org\/{rel}","templated":true}]}}

<h2 class="wp-block-heading"></h2>


<div class="wp-block-image">
<figure class="aligncenter size-large is-resized"><img loading="lazy" decoding="async" width="1024" height="768" src="https://rencontrescinemas.eu/2025/wp-content/uploads/sites/8/2025/10/HAPPY_ENDS_c_DAVID_DESREUMAUX-1024x768.jpg" alt="" class="wp-image-800" style="width:593px;height:auto" srcset="https://rencontrescinemas.eu/2025/wp-content/uploads/sites/8/2025/10/HAPPY_ENDS_c_DAVID_DESREUMAUX-1024x768.jpg 1024w, https://rencontrescinemas.eu/2025/wp-content/uploads/sites/8/2025/10/HAPPY_ENDS_c_DAVID_DESREUMAUX-300x225.jpg 300w, https://rencontrescinemas.eu/2025/wp-content/uploads/sites/8/2025/10/HAPPY_ENDS_c_DAVID_DESREUMAUX-768x576.jpg 768w, https://rencontrescinemas.eu/2025/wp-content/uploads/sites/8/2025/10/HAPPY_ENDS_c_DAVID_DESREUMAUX-1536x1152.jpg 1536w, https://rencontrescinemas.eu/2025/wp-content/uploads/sites/8/2025/10/HAPPY_ENDS_c_DAVID_DESREUMAUX-1200x900.jpg 1200w, https://rencontrescinemas.eu/2025/wp-content/uploads/sites/8/2025/10/HAPPY_ENDS_c_DAVID_DESREUMAUX-400x300.jpg 400w, https://rencontrescinemas.eu/2025/wp-content/uploads/sites/8/2025/10/HAPPY_ENDS_c_DAVID_DESREUMAUX-107x80.jpg 107w, https://rencontrescinemas.eu/2025/wp-content/uploads/sites/8/2025/10/HAPPY_ENDS_c_DAVID_DESREUMAUX.jpg 1600w" sizes="auto, (max-width: 1024px) 100vw, 1024px" /></figure></div>


<p>Sur scène, Chloé Lacan et Thibaud Defever jouent, chantent et dialoguent dans une comédie musicale légère et inventive. Accordéon, guitare, voix et percussions revisitent des airs connus et oubliés, du Mépris de Godard à Cabaret, en passant par Peau d’Âne ou Orfeu Negro.</p>



<h3 class="wp-block-heading">HAPPY ENDS</h3>



<p>Entre clairs-obscurs et atmosphère de cinéma, ils déroulent un scénario «étrange et imprévisible», un hommage joyeux et sensible au 7ᵉ art.</p>



<p> Le plus grand conteur de tous les temps devient alors le héros de sa propre histoire.</p>



<p><em>En partenariat avec Le théâtre des Quinconces de Vals-les-bains.</em></p>



<p><em>À partir de 7 ans, placement libre </em></p>



<p><strong>Mercredi 19 novembre à 20h30 au Théâtre Les Quinconces à Vals-les-Bains</strong><br><strong>Tarifs habituels des Quinconces</strong></p>



<p>Plein tarif : 17 €  Tarif réduit : 13 € &#8211; Abonnement : 13 € &#8211; Abo. adhérent : 13 € &#8211; Tarif -15 ans : 10 €</p>



<p></p>



<p></p>



<p></p>



<p></p>



<p></p>



<p class="has-text-align-left"></p>

<!-- This site is optimized with the Yoast SEO plugin v17.5 - https://yoast.com/wordpress/plugins/seo/ -->
<meta name="robots" content="index, follow, max-snippet:-1, max-image-preview:large, max-video-preview:-1" />
<link rel="canonical" href="https://rencontrescinemas.eu/2025/related/un-concert-qui-se-vit-comme-un-film/" />
<meta property="og:locale" content="fr_FR" />
<meta property="og:type" content="article" />
<meta property="og:title" content="Un concert qui se vit comme un film - Rencontres des cinémas d&#039;Europe 2025" />
<meta property="og:description" content="Sur scène, Chloé Lacan et Thibaud Defever jouent, chantent et dialoguent dans une comédie musicale légère et inventive. Accordéon, guitare, voix et percussions revisitent des airs connus et oubliés, du Mépris de Godard à Cabaret, en passant par Peau d’Âne ou Orfeu Negro. HAPPY ENDS Entre clairs-obscurs et atmosphère de cinéma, ils déroulent un scénario [&hellip;]" />
<meta property="og:url" content="https://rencontrescinemas.eu/2025/related/un-concert-qui-se-vit-comme-un-film/" />
<meta property="og:site_name" content="Rencontres des cinémas d&#039;Europe 2025" />
<meta property="article:modified_time" content="2025-11-05T12:57:57+00:00" />
<meta property="og:image" content="https://rencontrescinemas.eu/2025/wp-content/uploads/sites/8/2025/10/HAPPY_ENDS_c_DAVID_DESREUMAUX.jpg" />
	<meta property="og:image:width" content="1600" />
	<meta property="og:image:height" content="1200" />
<meta name="twitter:card" content="summary_large_image" />
<meta name="twitter:label1" content="Durée de lecture est." />
	<meta name="twitter:data1" content="1 minute" />
<script type="application/ld+json" class="yoast-schema-graph">{"@context":"https://schema.org","@graph":[{"@type":"WebSite","@id":"https://rencontrescinemas.eu/2025/#website","url":"https://rencontrescinemas.eu/2025/","name":"Rencontres des cin\u00e9mas d&#039;Europe 2025","description":"Un site utilisant Les Rencontres des Cin\u00e9mas d'Europe","potentialAction":[{"@type":"SearchAction","target":{"@type":"EntryPoint","urlTemplate":"https://rencontrescinemas.eu/2025/?s={search_term_string}"},"query-input":"required name=search_term_string"}],"inLanguage":"fr-FR"},{"@type":"ImageObject","@id":"https://rencontrescinemas.eu/2025/related/un-concert-qui-se-vit-comme-un-film/#primaryimage","inLanguage":"fr-FR","url":"https://rencontrescinemas.eu/2025/wp-content/uploads/sites/8/2025/10/HAPPY_ENDS_c_DAVID_DESREUMAUX.jpg","contentUrl":"https://rencontrescinemas.eu/2025/wp-content/uploads/sites/8/2025/10/HAPPY_ENDS_c_DAVID_DESREUMAUX.jpg","width":1600,"height":1200},{"@type":"WebPage","@id":"https://rencontrescinemas.eu/2025/related/un-concert-qui-se-vit-comme-un-film/#webpage","url":"https://rencontrescinemas.eu/2025/related/un-concert-qui-se-vit-comme-un-film/","name":"Un concert qui se vit comme un film - Rencontres des cin\u00e9mas d&#039;Europe 2025","isPartOf":{"@id":"https://rencontrescinemas.eu/2025/#website"},"primaryImageOfPage":{"@id":"https://rencontrescinemas.eu/2025/related/un-concert-qui-se-vit-comme-un-film/#primaryimage"},"datePublished":"2025-10-28T19:04:19+00:00","dateModified":"2025-11-05T12:57:57+00:00","breadcrumb":{"@id":"https://rencontrescinemas.eu/2025/related/un-concert-qui-se-vit-comme-un-film/#breadcrumb"},"inLanguage":"fr-FR","potentialAction":[{"@type":"ReadAction","target":["https://rencontrescinemas.eu/2025/related/un-concert-qui-se-vit-comme-un-film/"]}]},{"@type":"BreadcrumbList","@id":"https://rencontrescinemas.eu/2025/related/un-concert-qui-se-vit-comme-un-film/#breadcrumb","itemListElement":[{"@type":"ListItem","position":1,"name":"Accueil","item":"https://rencontrescinemas.eu/2025/"},{"@type":"ListItem","position":2,"name":"Et aussi...","item":"https://rencontrescinemas.eu/2025/related/"},{"@type":"ListItem","position":3,"name":"Un concert qui se vit comme un film"}]}]}</script>
<!-- / Yoast SEO plugin. -->

Un concert qui se vit comme un film - Rencontres des cinémas d&#039;Europe 2025

Sur scène, Chloé Lacan et Thibaud Defever jouent, chantent et dialoguent dans une comédie musicale légère et inventive. Accordéon, guitare, voix et percussions revisitent des airs connus et oubliés, du Mépris de Godard à Cabaret, en passant par Peau d’Âne ou Orfeu Negro. HAPPY ENDS Entre clairs-obscurs et atmosphère de cinéma, ils déroulent un scénario [&hellip;]

Rencontres des cinémas d&#039;Europe 2025

Un site utilisant Les Rencontres des Cinémas d'Europe
