{"id":656,"date":"2025-11-05T14:13:31","date_gmt":"2025-11-05T13:13:31","guid":{"rendered":"https:\/\/rencontrescinemas.eu\/2025\/?post_type=related&#038;p=656"},"modified":"2025-11-05T14:13:32","modified_gmt":"2025-11-05T13:13:32","slug":"la-librairie","status":"publish","type":"related","link":"https:\/\/rencontrescinemas.eu\/2025\/related\/la-librairie\/","title":{"rendered":"La Librairie"},"content":{"rendered":"\n<p><strong>L\u2019\u00e9quipe de la librairie vous attend tous les jours avec une s\u00e9lection de livres en \u00e9cho \u00e0 la programmation du festival.<\/strong><\/p>\n\n\n\n<p>Des ouvrages parlant cin\u00e9ma et photographie donc mais aussi et surtout des livres sur l\u2019ensemble des th\u00e8mes abord\u00e9es dans les films.<br>Cette ann\u00e9e nous vous invitons donc \u00e0 un voyage en gr\u00e8ce et en pologne&nbsp;; nous allons arpenter la for\u00eat, rencontrer la r\u00e9alisatrice du premier film de fiction, r\u00e9fl\u00e9chir sur les m\u00e9dias et explorer l\u2019univers graphique de plusieurs films d\u2019animation.<\/p>\n\n\n\n<p>Venez d\u00e9couvrir nos \u00ab&nbsp;coups de c\u0153urs litt\u00e9raires&nbsp;\u00bb pour r\u00eaver, vous \u00e9mouvoir et penser la soci\u00e9t\u00e9 actuelle \u00e0 l\u2019image de ce que propose le cin\u00e9ma europ\u00e9en contemporain.<\/p>\n\n\n\n<div style=\"height:33px\" aria-hidden=\"true\" class=\"wp-block-spacer\"><\/div>\n\n\n\n<p><strong>Les Rendez-vous de la librairie&nbsp;:<\/strong><\/p>\n\n\n\n<p>Dimanche 16 novembre\u00a0: 11h. <strong>Rencontre-signature avec V\u00e9ronique Le Bris<\/strong> autour de son dernier ouvrage consacr\u00e9 \u00e0 <em>Alice Guy<\/em>.<\/p>\n\n\n\n<p>Lundi 17 novembre\u00a0: 11h30. <strong>Rencontre avec Simon Bugnon<\/strong> qui se propose de nous accompagner dans la d\u00e9couverte de son exposition\u00a0: <em>Conversations silencieuses<\/em>.<\/p>\n\n\n\n<div style=\"height:43px\" aria-hidden=\"true\" class=\"wp-block-spacer\"><\/div>\n\n\n\n<p><em>Au centre Le Bournot &#8211; Ouvert tous les jours du festival<\/em> <br>En partenariat avec la librairie du Ch\u00e2teau.<\/p>\n\n\n\n<p><\/p>\n","protected":false},"featured_media":945,"template":"","class_list":["post-656","related","type-related","status-publish","has-post-thumbnail","hentry"],"yoast_head":"<!-- This site is optimized with the Yoast SEO plugin v17.5 - https:\/\/yoast.com\/wordpress\/plugins\/seo\/ -->\n<meta name=\"robots\" content=\"index, follow, max-snippet:-1, max-image-preview:large, max-video-preview:-1\" \/>\n<link rel=\"canonical\" href=\"https:\/\/rencontrescinemas.eu\/2025\/related\/la-librairie\/\" \/>\n<meta property=\"og:locale\" content=\"fr_FR\" \/>\n<meta property=\"og:type\" content=\"article\" \/>\n<meta property=\"og:title\" content=\"La Librairie - Rencontres des cin\u00e9mas d&#039;Europe 2025\" \/>\n<meta property=\"og:description\" content=\"L\u2019\u00e9quipe de la librairie vous attend tous les jours avec une s\u00e9lection de livres en \u00e9cho \u00e0 la programmation du festival. Des ouvrages parlant cin\u00e9ma et photographie donc mais aussi et surtout des livres sur l\u2019ensemble des th\u00e8mes abord\u00e9es dans les films.Cette ann\u00e9e nous vous invitons donc \u00e0 un voyage en gr\u00e8ce et en pologne&nbsp;; [&hellip;]\" \/>\n<meta property=\"og:url\" content=\"https:\/\/rencontrescinemas.eu\/2025\/related\/la-librairie\/\" \/>\n<meta property=\"og:site_name\" content=\"Rencontres des cin\u00e9mas d&#039;Europe 2025\" \/>\n<meta property=\"article:modified_time\" content=\"2025-11-05T13:13:32+00:00\" \/>\n<meta property=\"og:image\" content=\"https:\/\/rencontrescinemas.eu\/2025\/wp-content\/uploads\/sites\/8\/2025\/11\/IMG_0067-scaled.jpg\" \/>\n\t<meta property=\"og:image:width\" content=\"2560\" \/>\n\t<meta property=\"og:image:height\" content=\"1920\" \/>\n<meta name=\"twitter:card\" content=\"summary_large_image\" \/>\n<meta name=\"twitter:label1\" content=\"Dur\u00e9e de lecture est.\" \/>\n\t<meta name=\"twitter:data1\" content=\"1 minute\" \/>\n<script type=\"application\/ld+json\" class=\"yoast-schema-graph\">{\"@context\":\"https:\/\/schema.org\",\"@graph\":[{\"@type\":\"WebSite\",\"@id\":\"https:\/\/rencontrescinemas.eu\/2025\/#website\",\"url\":\"https:\/\/rencontrescinemas.eu\/2025\/\",\"name\":\"Rencontres des cin\\u00e9mas d&#039;Europe 2025\",\"description\":\"Un site utilisant Les Rencontres des Cin\\u00e9mas d'Europe\",\"potentialAction\":[{\"@type\":\"SearchAction\",\"target\":{\"@type\":\"EntryPoint\",\"urlTemplate\":\"https:\/\/rencontrescinemas.eu\/2025\/?s={search_term_string}\"},\"query-input\":\"required name=search_term_string\"}],\"inLanguage\":\"fr-FR\"},{\"@type\":\"ImageObject\",\"@id\":\"https:\/\/rencontrescinemas.eu\/2025\/related\/la-librairie\/#primaryimage\",\"inLanguage\":\"fr-FR\",\"url\":\"https:\/\/rencontrescinemas.eu\/2025\/wp-content\/uploads\/sites\/8\/2025\/11\/IMG_0067-scaled.jpg\",\"contentUrl\":\"https:\/\/rencontrescinemas.eu\/2025\/wp-content\/uploads\/sites\/8\/2025\/11\/IMG_0067-scaled.jpg\",\"width\":2560,\"height\":1920},{\"@type\":\"WebPage\",\"@id\":\"https:\/\/rencontrescinemas.eu\/2025\/related\/la-librairie\/#webpage\",\"url\":\"https:\/\/rencontrescinemas.eu\/2025\/related\/la-librairie\/\",\"name\":\"La Librairie - Rencontres des cin\\u00e9mas d&#039;Europe 2025\",\"isPartOf\":{\"@id\":\"https:\/\/rencontrescinemas.eu\/2025\/#website\"},\"primaryImageOfPage\":{\"@id\":\"https:\/\/rencontrescinemas.eu\/2025\/related\/la-librairie\/#primaryimage\"},\"datePublished\":\"2025-11-05T13:13:31+00:00\",\"dateModified\":\"2025-11-05T13:13:32+00:00\",\"breadcrumb\":{\"@id\":\"https:\/\/rencontrescinemas.eu\/2025\/related\/la-librairie\/#breadcrumb\"},\"inLanguage\":\"fr-FR\",\"potentialAction\":[{\"@type\":\"ReadAction\",\"target\":[\"https:\/\/rencontrescinemas.eu\/2025\/related\/la-librairie\/\"]}]},{\"@type\":\"BreadcrumbList\",\"@id\":\"https:\/\/rencontrescinemas.eu\/2025\/related\/la-librairie\/#breadcrumb\",\"itemListElement\":[{\"@type\":\"ListItem\",\"position\":1,\"name\":\"Accueil\",\"item\":\"https:\/\/rencontrescinemas.eu\/2025\/\"},{\"@type\":\"ListItem\",\"position\":2,\"name\":\"Et aussi...\",\"item\":\"https:\/\/rencontrescinemas.eu\/2025\/related\/\"},{\"@type\":\"ListItem\",\"position\":3,\"name\":\"La Librairie\"}]}]}<\/script>\n<!-- \/ Yoast SEO plugin. -->","yoast_head_json":{"robots":{"index":"index","follow":"follow","max-snippet":"max-snippet:-1","max-image-preview":"max-image-preview:large","max-video-preview":"max-video-preview:-1"},"canonical":"https:\/\/rencontrescinemas.eu\/2025\/related\/la-librairie\/","og_locale":"fr_FR","og_type":"article","og_title":"La Librairie - Rencontres des cin\u00e9mas d&#039;Europe 2025","og_description":"L\u2019\u00e9quipe de la librairie vous attend tous les jours avec une s\u00e9lection de livres en \u00e9cho \u00e0 la programmation du festival. Des ouvrages parlant cin\u00e9ma et photographie donc mais aussi et surtout des livres sur l\u2019ensemble des th\u00e8mes abord\u00e9es dans les films.Cette ann\u00e9e nous vous invitons donc \u00e0 un voyage en gr\u00e8ce et en pologne&nbsp;; [&hellip;]","og_url":"https:\/\/rencontrescinemas.eu\/2025\/related\/la-librairie\/","og_site_name":"Rencontres des cin\u00e9mas d&#039;Europe 2025","article_modified_time":"2025-11-05T13:13:32+00:00","og_image":[{"width":2560,"height":1920,"url":"https:\/\/rencontrescinemas.eu\/2025\/wp-content\/uploads\/sites\/8\/2025\/11\/IMG_0067-scaled.jpg","type":"image\/jpeg"}],"twitter_card":"summary_large_image","twitter_misc":{"Dur\u00e9e de lecture est.":"1 minute"},"schema":{"@context":"https:\/\/schema.org","@graph":[{"@type":"WebSite","@id":"https:\/\/rencontrescinemas.eu\/2025\/#website","url":"https:\/\/rencontrescinemas.eu\/2025\/","name":"Rencontres des cin\u00e9mas d&#039;Europe 2025","description":"Un site utilisant Les Rencontres des Cin\u00e9mas d'Europe","potentialAction":[{"@type":"SearchAction","target":{"@type":"EntryPoint","urlTemplate":"https:\/\/rencontrescinemas.eu\/2025\/?s={search_term_string}"},"query-input":"required name=search_term_string"}],"inLanguage":"fr-FR"},{"@type":"ImageObject","@id":"https:\/\/rencontrescinemas.eu\/2025\/related\/la-librairie\/#primaryimage","inLanguage":"fr-FR","url":"https:\/\/rencontrescinemas.eu\/2025\/wp-content\/uploads\/sites\/8\/2025\/11\/IMG_0067-scaled.jpg","contentUrl":"https:\/\/rencontrescinemas.eu\/2025\/wp-content\/uploads\/sites\/8\/2025\/11\/IMG_0067-scaled.jpg","width":2560,"height":1920},{"@type":"WebPage","@id":"https:\/\/rencontrescinemas.eu\/2025\/related\/la-librairie\/#webpage","url":"https:\/\/rencontrescinemas.eu\/2025\/related\/la-librairie\/","name":"La Librairie - Rencontres des cin\u00e9mas d&#039;Europe 2025","isPartOf":{"@id":"https:\/\/rencontrescinemas.eu\/2025\/#website"},"primaryImageOfPage":{"@id":"https:\/\/rencontrescinemas.eu\/2025\/related\/la-librairie\/#primaryimage"},"datePublished":"2025-11-05T13:13:31+00:00","dateModified":"2025-11-05T13:13:32+00:00","breadcrumb":{"@id":"https:\/\/rencontrescinemas.eu\/2025\/related\/la-librairie\/#breadcrumb"},"inLanguage":"fr-FR","potentialAction":[{"@type":"ReadAction","target":["https:\/\/rencontrescinemas.eu\/2025\/related\/la-librairie\/"]}]},{"@type":"BreadcrumbList","@id":"https:\/\/rencontrescinemas.eu\/2025\/related\/la-librairie\/#breadcrumb","itemListElement":[{"@type":"ListItem","position":1,"name":"Accueil","item":"https:\/\/rencontrescinemas.eu\/2025\/"},{"@type":"ListItem","position":2,"name":"Et aussi...","item":"https:\/\/rencontrescinemas.eu\/2025\/related\/"},{"@type":"ListItem","position":3,"name":"La Librairie"}]}]}},"_links":{"self":[{"href":"https:\/\/rencontrescinemas.eu\/2025\/wp-json\/wp\/v2\/related\/656","targetHints":{"allow":["GET"]}}],"collection":[{"href":"https:\/\/rencontrescinemas.eu\/2025\/wp-json\/wp\/v2\/related"}],"about":[{"href":"https:\/\/rencontrescinemas.eu\/2025\/wp-json\/wp\/v2\/types\/related"}],"wp:featuredmedia":[{"embeddable":true,"href":"https:\/\/rencontrescinemas.eu\/2025\/wp-json\/wp\/v2\/media\/945"}],"wp:attachment":[{"href":"https:\/\/rencontrescinemas.eu\/2025\/wp-json\/wp\/v2\/media?parent=656"}],"curies":[{"name":"wp","href":"https:\/\/api.w.org\/{rel}","templated":true}]}}

<p><strong>L’équipe de la librairie vous attend tous les jours avec une sélection de livres en écho à la programmation du festival.</strong></p>



<p>Des ouvrages parlant cinéma et photographie donc mais aussi et surtout des livres sur l’ensemble des thèmes abordées dans les films.<br>Cette année nous vous invitons donc à un voyage en grèce et en pologne&nbsp;; nous allons arpenter la forêt, rencontrer la réalisatrice du premier film de fiction, réfléchir sur les médias et explorer l’univers graphique de plusieurs films d’animation.</p>



<p>Venez découvrir nos «&nbsp;coups de cœurs littéraires&nbsp;» pour rêver, vous émouvoir et penser la société actuelle à l’image de ce que propose le cinéma européen contemporain.</p>



<div style="height:33px" aria-hidden="true" class="wp-block-spacer"></div>



<p><strong>Les Rendez-vous de la librairie&nbsp;:</strong></p>



<p>Dimanche 16 novembre : 11h. <strong>Rencontre-signature avec Véronique Le Bris</strong> autour de son dernier ouvrage consacré à <em>Alice Guy</em>.</p>



<p>Lundi 17 novembre : 11h30. <strong>Rencontre avec Simon Bugnon</strong> qui se propose de nous accompagner dans la découverte de son exposition : <em>Conversations silencieuses</em>.</p>



<div style="height:43px" aria-hidden="true" class="wp-block-spacer"></div>



<p><em>Au centre Le Bournot &#8211; Ouvert tous les jours du festival</em> <br>En partenariat avec la librairie du Château.</p>



<p></p>

<!-- This site is optimized with the Yoast SEO plugin v17.5 - https://yoast.com/wordpress/plugins/seo/ -->
<meta name="robots" content="index, follow, max-snippet:-1, max-image-preview:large, max-video-preview:-1" />
<link rel="canonical" href="https://rencontrescinemas.eu/2025/related/la-librairie/" />
<meta property="og:locale" content="fr_FR" />
<meta property="og:type" content="article" />
<meta property="og:title" content="La Librairie - Rencontres des cinémas d&#039;Europe 2025" />
<meta property="og:description" content="L’équipe de la librairie vous attend tous les jours avec une sélection de livres en écho à la programmation du festival. Des ouvrages parlant cinéma et photographie donc mais aussi et surtout des livres sur l’ensemble des thèmes abordées dans les films.Cette année nous vous invitons donc à un voyage en grèce et en pologne&nbsp;; [&hellip;]" />
<meta property="og:url" content="https://rencontrescinemas.eu/2025/related/la-librairie/" />
<meta property="og:site_name" content="Rencontres des cinémas d&#039;Europe 2025" />
<meta property="article:modified_time" content="2025-11-05T13:13:32+00:00" />
<meta property="og:image" content="https://rencontrescinemas.eu/2025/wp-content/uploads/sites/8/2025/11/IMG_0067-scaled.jpg" />
	<meta property="og:image:width" content="2560" />
	<meta property="og:image:height" content="1920" />
<meta name="twitter:card" content="summary_large_image" />
<meta name="twitter:label1" content="Durée de lecture est." />
	<meta name="twitter:data1" content="1 minute" />
<script type="application/ld+json" class="yoast-schema-graph">{"@context":"https://schema.org","@graph":[{"@type":"WebSite","@id":"https://rencontrescinemas.eu/2025/#website","url":"https://rencontrescinemas.eu/2025/","name":"Rencontres des cin\u00e9mas d&#039;Europe 2025","description":"Un site utilisant Les Rencontres des Cin\u00e9mas d'Europe","potentialAction":[{"@type":"SearchAction","target":{"@type":"EntryPoint","urlTemplate":"https://rencontrescinemas.eu/2025/?s={search_term_string}"},"query-input":"required name=search_term_string"}],"inLanguage":"fr-FR"},{"@type":"ImageObject","@id":"https://rencontrescinemas.eu/2025/related/la-librairie/#primaryimage","inLanguage":"fr-FR","url":"https://rencontrescinemas.eu/2025/wp-content/uploads/sites/8/2025/11/IMG_0067-scaled.jpg","contentUrl":"https://rencontrescinemas.eu/2025/wp-content/uploads/sites/8/2025/11/IMG_0067-scaled.jpg","width":2560,"height":1920},{"@type":"WebPage","@id":"https://rencontrescinemas.eu/2025/related/la-librairie/#webpage","url":"https://rencontrescinemas.eu/2025/related/la-librairie/","name":"La Librairie - Rencontres des cin\u00e9mas d&#039;Europe 2025","isPartOf":{"@id":"https://rencontrescinemas.eu/2025/#website"},"primaryImageOfPage":{"@id":"https://rencontrescinemas.eu/2025/related/la-librairie/#primaryimage"},"datePublished":"2025-11-05T13:13:31+00:00","dateModified":"2025-11-05T13:13:32+00:00","breadcrumb":{"@id":"https://rencontrescinemas.eu/2025/related/la-librairie/#breadcrumb"},"inLanguage":"fr-FR","potentialAction":[{"@type":"ReadAction","target":["https://rencontrescinemas.eu/2025/related/la-librairie/"]}]},{"@type":"BreadcrumbList","@id":"https://rencontrescinemas.eu/2025/related/la-librairie/#breadcrumb","itemListElement":[{"@type":"ListItem","position":1,"name":"Accueil","item":"https://rencontrescinemas.eu/2025/"},{"@type":"ListItem","position":2,"name":"Et aussi...","item":"https://rencontrescinemas.eu/2025/related/"},{"@type":"ListItem","position":3,"name":"La Librairie"}]}]}</script>
<!-- / Yoast SEO plugin. -->

La Librairie - Rencontres des cinémas d&#039;Europe 2025

L’équipe de la librairie vous attend tous les jours avec une sélection de livres en écho à la programmation du festival. Des ouvrages parlant cinéma et photographie donc mais aussi et surtout des livres sur l’ensemble des thèmes abordées dans les films.Cette année nous vous invitons donc à un voyage en grèce et en pologne&nbsp;; [&hellip;]

Rencontres des cinémas d&#039;Europe 2025

Un site utilisant Les Rencontres des Cinémas d'Europe
