{"id":949,"date":"2025-11-05T14:42:27","date_gmt":"2025-11-05T13:42:27","guid":{"rendered":"https:\/\/rencontrescinemas.eu\/2025\/?post_type=related&#038;p=949"},"modified":"2025-11-05T16:39:56","modified_gmt":"2025-11-05T15:39:56","slug":"expo-photos","status":"publish","type":"related","link":"https:\/\/rencontrescinemas.eu\/2025\/related\/expo-photos\/","title":{"rendered":"Expo photos"},"content":{"rendered":"\n<p>CONVERSATIONS SILENCIEUSES<\/p>\n\n\n\n<p>Photographies de Simon Bugnon<\/p>\n\n\n\n<p>Que nous disent les lieux ? Cette exposition invite \u00e0 regarder autrement, \u00e0 \u00e9couter l\u2019indompt\u00e9, \u00e0 contempler la danse entre ombre et lumi\u00e8re. Par la po\u00e9sie du regard, elle nous relie \u00e0 la nature et \u00e0 la r\u00e9ciprocit\u00e9 du vivant. Les images, prises en une seule fois et sans retouche, naissent de l\u2019instant et de la rencontre avec le monde<\/p>\n\n\n\n<div style=\"height:53px\" aria-hidden=\"true\" class=\"wp-block-spacer\"><\/div>\n\n\n\n<p><strong>Simon Bugnon<br><\/strong>Photographe en Ard\u00e8che depuis plus de 15 ans, Simon Bugnon explore la nature dans une approche douce et contemplative. Cueilleur d\u2019images plus que chasseur, il privil\u00e9gie l\u2019intime au spectaculaire, guid\u00e9 par la coh\u00e9rence, l\u2019\u00e9merveillement et l\u2019amiti\u00e9 \u2014 notamment celle du photographe Christophe Sidamon-Pesson. Il partage sa passion \u00e0 travers stages, sorties nature et engagements associatifs pour le vivant.<\/p>\n\n\n\n<p><\/p>\n\n\n\n<div style=\"height:53px\" aria-hidden=\"true\" class=\"wp-block-spacer\"><\/div>\n\n\n\n<p><strong>Tous les jours \u00e0 la Librairie des Rencontres &#8211; Centre Le Bournot<\/strong><\/p>\n\n\n\n<p><strong>Visite comment\u00e9e par l&rsquo;artiste lundi 17 novembre \u00e0 11h30<\/strong><\/p>\n\n\n\n<p>.<\/p>\n","protected":false},"featured_media":950,"template":"","class_list":["post-949","related","type-related","status-publish","has-post-thumbnail","hentry"],"yoast_head":"<!-- This site is optimized with the Yoast SEO plugin v17.5 - https:\/\/yoast.com\/wordpress\/plugins\/seo\/ -->\n<meta name=\"robots\" content=\"index, follow, max-snippet:-1, max-image-preview:large, max-video-preview:-1\" \/>\n<link rel=\"canonical\" href=\"https:\/\/rencontrescinemas.eu\/2025\/related\/expo-photos\/\" \/>\n<meta property=\"og:locale\" content=\"fr_FR\" \/>\n<meta property=\"og:type\" content=\"article\" \/>\n<meta property=\"og:title\" content=\"Expo photos - Rencontres des cin\u00e9mas d&#039;Europe 2025\" \/>\n<meta property=\"og:description\" content=\"CONVERSATIONS SILENCIEUSES Photographies de Simon Bugnon Que nous disent les lieux ? Cette exposition invite \u00e0 regarder autrement, \u00e0 \u00e9couter l\u2019indompt\u00e9, \u00e0 contempler la danse entre ombre et lumi\u00e8re. Par la po\u00e9sie du regard, elle nous relie \u00e0 la nature et \u00e0 la r\u00e9ciprocit\u00e9 du vivant. Les images, prises en une seule fois et sans [&hellip;]\" \/>\n<meta property=\"og:url\" content=\"https:\/\/rencontrescinemas.eu\/2025\/related\/expo-photos\/\" \/>\n<meta property=\"og:site_name\" content=\"Rencontres des cin\u00e9mas d&#039;Europe 2025\" \/>\n<meta property=\"article:modified_time\" content=\"2025-11-05T15:39:56+00:00\" \/>\n<meta property=\"og:image\" content=\"https:\/\/rencontrescinemas.eu\/2025\/wp-content\/uploads\/sites\/8\/2025\/11\/Simon-Bugnon-Conversations-silencieuses-10-scaled.jpg\" \/>\n\t<meta property=\"og:image:width\" content=\"2560\" \/>\n\t<meta property=\"og:image:height\" content=\"1707\" \/>\n<meta name=\"twitter:card\" content=\"summary_large_image\" \/>\n<meta name=\"twitter:label1\" content=\"Dur\u00e9e de lecture est.\" \/>\n\t<meta name=\"twitter:data1\" content=\"1 minute\" \/>\n<script type=\"application\/ld+json\" class=\"yoast-schema-graph\">{\"@context\":\"https:\/\/schema.org\",\"@graph\":[{\"@type\":\"WebSite\",\"@id\":\"https:\/\/rencontrescinemas.eu\/2025\/#website\",\"url\":\"https:\/\/rencontrescinemas.eu\/2025\/\",\"name\":\"Rencontres des cin\\u00e9mas d&#039;Europe 2025\",\"description\":\"Un site utilisant Les Rencontres des Cin\\u00e9mas d'Europe\",\"potentialAction\":[{\"@type\":\"SearchAction\",\"target\":{\"@type\":\"EntryPoint\",\"urlTemplate\":\"https:\/\/rencontrescinemas.eu\/2025\/?s={search_term_string}\"},\"query-input\":\"required name=search_term_string\"}],\"inLanguage\":\"fr-FR\"},{\"@type\":\"ImageObject\",\"@id\":\"https:\/\/rencontrescinemas.eu\/2025\/related\/expo-photos\/#primaryimage\",\"inLanguage\":\"fr-FR\",\"url\":\"https:\/\/rencontrescinemas.eu\/2025\/wp-content\/uploads\/sites\/8\/2025\/11\/Simon-Bugnon-Conversations-silencieuses-10-scaled.jpg\",\"contentUrl\":\"https:\/\/rencontrescinemas.eu\/2025\/wp-content\/uploads\/sites\/8\/2025\/11\/Simon-Bugnon-Conversations-silencieuses-10-scaled.jpg\",\"width\":2560,\"height\":1707},{\"@type\":\"WebPage\",\"@id\":\"https:\/\/rencontrescinemas.eu\/2025\/related\/expo-photos\/#webpage\",\"url\":\"https:\/\/rencontrescinemas.eu\/2025\/related\/expo-photos\/\",\"name\":\"Expo photos - Rencontres des cin\\u00e9mas d&#039;Europe 2025\",\"isPartOf\":{\"@id\":\"https:\/\/rencontrescinemas.eu\/2025\/#website\"},\"primaryImageOfPage\":{\"@id\":\"https:\/\/rencontrescinemas.eu\/2025\/related\/expo-photos\/#primaryimage\"},\"datePublished\":\"2025-11-05T13:42:27+00:00\",\"dateModified\":\"2025-11-05T15:39:56+00:00\",\"breadcrumb\":{\"@id\":\"https:\/\/rencontrescinemas.eu\/2025\/related\/expo-photos\/#breadcrumb\"},\"inLanguage\":\"fr-FR\",\"potentialAction\":[{\"@type\":\"ReadAction\",\"target\":[\"https:\/\/rencontrescinemas.eu\/2025\/related\/expo-photos\/\"]}]},{\"@type\":\"BreadcrumbList\",\"@id\":\"https:\/\/rencontrescinemas.eu\/2025\/related\/expo-photos\/#breadcrumb\",\"itemListElement\":[{\"@type\":\"ListItem\",\"position\":1,\"name\":\"Accueil\",\"item\":\"https:\/\/rencontrescinemas.eu\/2025\/\"},{\"@type\":\"ListItem\",\"position\":2,\"name\":\"Et aussi...\",\"item\":\"https:\/\/rencontrescinemas.eu\/2025\/related\/\"},{\"@type\":\"ListItem\",\"position\":3,\"name\":\"Expo photos\"}]}]}<\/script>\n<!-- \/ Yoast SEO plugin. -->","yoast_head_json":{"robots":{"index":"index","follow":"follow","max-snippet":"max-snippet:-1","max-image-preview":"max-image-preview:large","max-video-preview":"max-video-preview:-1"},"canonical":"https:\/\/rencontrescinemas.eu\/2025\/related\/expo-photos\/","og_locale":"fr_FR","og_type":"article","og_title":"Expo photos - Rencontres des cin\u00e9mas d&#039;Europe 2025","og_description":"CONVERSATIONS SILENCIEUSES Photographies de Simon Bugnon Que nous disent les lieux ? Cette exposition invite \u00e0 regarder autrement, \u00e0 \u00e9couter l\u2019indompt\u00e9, \u00e0 contempler la danse entre ombre et lumi\u00e8re. Par la po\u00e9sie du regard, elle nous relie \u00e0 la nature et \u00e0 la r\u00e9ciprocit\u00e9 du vivant. Les images, prises en une seule fois et sans [&hellip;]","og_url":"https:\/\/rencontrescinemas.eu\/2025\/related\/expo-photos\/","og_site_name":"Rencontres des cin\u00e9mas d&#039;Europe 2025","article_modified_time":"2025-11-05T15:39:56+00:00","og_image":[{"width":2560,"height":1707,"url":"https:\/\/rencontrescinemas.eu\/2025\/wp-content\/uploads\/sites\/8\/2025\/11\/Simon-Bugnon-Conversations-silencieuses-10-scaled.jpg","type":"image\/jpeg"}],"twitter_card":"summary_large_image","twitter_misc":{"Dur\u00e9e de lecture est.":"1 minute"},"schema":{"@context":"https:\/\/schema.org","@graph":[{"@type":"WebSite","@id":"https:\/\/rencontrescinemas.eu\/2025\/#website","url":"https:\/\/rencontrescinemas.eu\/2025\/","name":"Rencontres des cin\u00e9mas d&#039;Europe 2025","description":"Un site utilisant Les Rencontres des Cin\u00e9mas d'Europe","potentialAction":[{"@type":"SearchAction","target":{"@type":"EntryPoint","urlTemplate":"https:\/\/rencontrescinemas.eu\/2025\/?s={search_term_string}"},"query-input":"required name=search_term_string"}],"inLanguage":"fr-FR"},{"@type":"ImageObject","@id":"https:\/\/rencontrescinemas.eu\/2025\/related\/expo-photos\/#primaryimage","inLanguage":"fr-FR","url":"https:\/\/rencontrescinemas.eu\/2025\/wp-content\/uploads\/sites\/8\/2025\/11\/Simon-Bugnon-Conversations-silencieuses-10-scaled.jpg","contentUrl":"https:\/\/rencontrescinemas.eu\/2025\/wp-content\/uploads\/sites\/8\/2025\/11\/Simon-Bugnon-Conversations-silencieuses-10-scaled.jpg","width":2560,"height":1707},{"@type":"WebPage","@id":"https:\/\/rencontrescinemas.eu\/2025\/related\/expo-photos\/#webpage","url":"https:\/\/rencontrescinemas.eu\/2025\/related\/expo-photos\/","name":"Expo photos - Rencontres des cin\u00e9mas d&#039;Europe 2025","isPartOf":{"@id":"https:\/\/rencontrescinemas.eu\/2025\/#website"},"primaryImageOfPage":{"@id":"https:\/\/rencontrescinemas.eu\/2025\/related\/expo-photos\/#primaryimage"},"datePublished":"2025-11-05T13:42:27+00:00","dateModified":"2025-11-05T15:39:56+00:00","breadcrumb":{"@id":"https:\/\/rencontrescinemas.eu\/2025\/related\/expo-photos\/#breadcrumb"},"inLanguage":"fr-FR","potentialAction":[{"@type":"ReadAction","target":["https:\/\/rencontrescinemas.eu\/2025\/related\/expo-photos\/"]}]},{"@type":"BreadcrumbList","@id":"https:\/\/rencontrescinemas.eu\/2025\/related\/expo-photos\/#breadcrumb","itemListElement":[{"@type":"ListItem","position":1,"name":"Accueil","item":"https:\/\/rencontrescinemas.eu\/2025\/"},{"@type":"ListItem","position":2,"name":"Et aussi...","item":"https:\/\/rencontrescinemas.eu\/2025\/related\/"},{"@type":"ListItem","position":3,"name":"Expo photos"}]}]}},"_links":{"self":[{"href":"https:\/\/rencontrescinemas.eu\/2025\/wp-json\/wp\/v2\/related\/949","targetHints":{"allow":["GET"]}}],"collection":[{"href":"https:\/\/rencontrescinemas.eu\/2025\/wp-json\/wp\/v2\/related"}],"about":[{"href":"https:\/\/rencontrescinemas.eu\/2025\/wp-json\/wp\/v2\/types\/related"}],"wp:featuredmedia":[{"embeddable":true,"href":"https:\/\/rencontrescinemas.eu\/2025\/wp-json\/wp\/v2\/media\/950"}],"wp:attachment":[{"href":"https:\/\/rencontrescinemas.eu\/2025\/wp-json\/wp\/v2\/media?parent=949"}],"curies":[{"name":"wp","href":"https:\/\/api.w.org\/{rel}","templated":true}]}}

<p>CONVERSATIONS SILENCIEUSES</p>



<p>Photographies de Simon Bugnon</p>



<p>Que nous disent les lieux ? Cette exposition invite à regarder autrement, à écouter l’indompté, à contempler la danse entre ombre et lumière. Par la poésie du regard, elle nous relie à la nature et à la réciprocité du vivant. Les images, prises en une seule fois et sans retouche, naissent de l’instant et de la rencontre avec le monde</p>



<div style="height:53px" aria-hidden="true" class="wp-block-spacer"></div>



<p><strong>Simon Bugnon<br></strong>Photographe en Ardèche depuis plus de 15 ans, Simon Bugnon explore la nature dans une approche douce et contemplative. Cueilleur d’images plus que chasseur, il privilégie l’intime au spectaculaire, guidé par la cohérence, l’émerveillement et l’amitié — notamment celle du photographe Christophe Sidamon-Pesson. Il partage sa passion à travers stages, sorties nature et engagements associatifs pour le vivant.</p>



<p></p>



<div style="height:53px" aria-hidden="true" class="wp-block-spacer"></div>



<p><strong>Tous les jours à la Librairie des Rencontres &#8211; Centre Le Bournot</strong></p>



<p><strong>Visite commentée par l&rsquo;artiste lundi 17 novembre à 11h30</strong></p>



<p>.</p>

<!-- This site is optimized with the Yoast SEO plugin v17.5 - https://yoast.com/wordpress/plugins/seo/ -->
<meta name="robots" content="index, follow, max-snippet:-1, max-image-preview:large, max-video-preview:-1" />
<link rel="canonical" href="https://rencontrescinemas.eu/2025/related/expo-photos/" />
<meta property="og:locale" content="fr_FR" />
<meta property="og:type" content="article" />
<meta property="og:title" content="Expo photos - Rencontres des cinémas d&#039;Europe 2025" />
<meta property="og:description" content="CONVERSATIONS SILENCIEUSES Photographies de Simon Bugnon Que nous disent les lieux ? Cette exposition invite à regarder autrement, à écouter l’indompté, à contempler la danse entre ombre et lumière. Par la poésie du regard, elle nous relie à la nature et à la réciprocité du vivant. Les images, prises en une seule fois et sans [&hellip;]" />
<meta property="og:url" content="https://rencontrescinemas.eu/2025/related/expo-photos/" />
<meta property="og:site_name" content="Rencontres des cinémas d&#039;Europe 2025" />
<meta property="article:modified_time" content="2025-11-05T15:39:56+00:00" />
<meta property="og:image" content="https://rencontrescinemas.eu/2025/wp-content/uploads/sites/8/2025/11/Simon-Bugnon-Conversations-silencieuses-10-scaled.jpg" />
	<meta property="og:image:width" content="2560" />
	<meta property="og:image:height" content="1707" />
<meta name="twitter:card" content="summary_large_image" />
<meta name="twitter:label1" content="Durée de lecture est." />
	<meta name="twitter:data1" content="1 minute" />
<script type="application/ld+json" class="yoast-schema-graph">{"@context":"https://schema.org","@graph":[{"@type":"WebSite","@id":"https://rencontrescinemas.eu/2025/#website","url":"https://rencontrescinemas.eu/2025/","name":"Rencontres des cin\u00e9mas d&#039;Europe 2025","description":"Un site utilisant Les Rencontres des Cin\u00e9mas d'Europe","potentialAction":[{"@type":"SearchAction","target":{"@type":"EntryPoint","urlTemplate":"https://rencontrescinemas.eu/2025/?s={search_term_string}"},"query-input":"required name=search_term_string"}],"inLanguage":"fr-FR"},{"@type":"ImageObject","@id":"https://rencontrescinemas.eu/2025/related/expo-photos/#primaryimage","inLanguage":"fr-FR","url":"https://rencontrescinemas.eu/2025/wp-content/uploads/sites/8/2025/11/Simon-Bugnon-Conversations-silencieuses-10-scaled.jpg","contentUrl":"https://rencontrescinemas.eu/2025/wp-content/uploads/sites/8/2025/11/Simon-Bugnon-Conversations-silencieuses-10-scaled.jpg","width":2560,"height":1707},{"@type":"WebPage","@id":"https://rencontrescinemas.eu/2025/related/expo-photos/#webpage","url":"https://rencontrescinemas.eu/2025/related/expo-photos/","name":"Expo photos - Rencontres des cin\u00e9mas d&#039;Europe 2025","isPartOf":{"@id":"https://rencontrescinemas.eu/2025/#website"},"primaryImageOfPage":{"@id":"https://rencontrescinemas.eu/2025/related/expo-photos/#primaryimage"},"datePublished":"2025-11-05T13:42:27+00:00","dateModified":"2025-11-05T15:39:56+00:00","breadcrumb":{"@id":"https://rencontrescinemas.eu/2025/related/expo-photos/#breadcrumb"},"inLanguage":"fr-FR","potentialAction":[{"@type":"ReadAction","target":["https://rencontrescinemas.eu/2025/related/expo-photos/"]}]},{"@type":"BreadcrumbList","@id":"https://rencontrescinemas.eu/2025/related/expo-photos/#breadcrumb","itemListElement":[{"@type":"ListItem","position":1,"name":"Accueil","item":"https://rencontrescinemas.eu/2025/"},{"@type":"ListItem","position":2,"name":"Et aussi...","item":"https://rencontrescinemas.eu/2025/related/"},{"@type":"ListItem","position":3,"name":"Expo photos"}]}]}</script>
<!-- / Yoast SEO plugin. -->

Expo photos - Rencontres des cinémas d&#039;Europe 2025

CONVERSATIONS SILENCIEUSES Photographies de Simon Bugnon Que nous disent les lieux ? Cette exposition invite à regarder autrement, à écouter l’indompté, à contempler la danse entre ombre et lumière. Par la poésie du regard, elle nous relie à la nature et à la réciprocité du vivant. Les images, prises en une seule fois et sans [&hellip;]

Rencontres des cinémas d&#039;Europe 2025

Un site utilisant Les Rencontres des Cinémas d'Europe
