{"id":961,"date":"2025-11-05T15:58:02","date_gmt":"2025-11-05T14:58:02","guid":{"rendered":"https:\/\/rencontrescinemas.eu\/2025\/?post_type=related&#038;p=961"},"modified":"2025-11-05T16:38:33","modified_gmt":"2025-11-05T15:38:33","slug":"le-sens-de-la-terre","status":"publish","type":"related","link":"https:\/\/rencontrescinemas.eu\/2025\/related\/le-sens-de-la-terre\/","title":{"rendered":"Le sens de la terre"},"content":{"rendered":"\n<h2 class=\"wp-block-heading\">nos diff\u00e9rences sont nos richesses<\/h2>\n\n\n\n<p>par Muriel Borovi<\/p>\n\n\n\n<p><br>Cette artiste auteure, photographe, passeuse du vivant, vous invite \u00e0 participer \u00e0 une fresque photographique dans le hall du cin\u00e9ma le Navire et \u00e0 reconna\u00eetre votre image. Il \u00e9tait une fois, un festival r\u00e9v\u00e9l\u00e9 par les visages de ses festivaliers, b\u00e9n\u00e9voles, \u00e9quipes, partenaires\u2026<br>Avec son installation artistique La Photomobile, Muriel va r\u00e9aliser des portraits proposant ainsi un nouveau regard sur le festival. <br><em>Les personnes volontaires participant \u00e0 cette exposition signent une cession de droits \u00e0 l\u2019image et recevront \u00e9galement un tirage 10 x 15 cm \u00e0 prix libre, puis une version num\u00e9rique.<\/em><\/p>\n\n\n\n<p><strong>Dans le hall du Navire.<\/strong><\/p>\n","protected":false},"featured_media":964,"template":"","class_list":["post-961","related","type-related","status-publish","has-post-thumbnail","hentry"],"yoast_head":"<!-- This site is optimized with the Yoast SEO plugin v17.5 - https:\/\/yoast.com\/wordpress\/plugins\/seo\/ -->\n<meta name=\"robots\" content=\"index, follow, max-snippet:-1, max-image-preview:large, max-video-preview:-1\" \/>\n<link rel=\"canonical\" href=\"https:\/\/rencontrescinemas.eu\/2025\/related\/le-sens-de-la-terre\/\" \/>\n<meta property=\"og:locale\" content=\"fr_FR\" \/>\n<meta property=\"og:type\" content=\"article\" \/>\n<meta property=\"og:title\" content=\"Le sens de la terre - Rencontres des cin\u00e9mas d&#039;Europe 2025\" \/>\n<meta property=\"og:description\" content=\"nos diff\u00e9rences sont nos richesses par Muriel Borovi Cette artiste auteure, photographe, passeuse du vivant, vous invite \u00e0 participer \u00e0 une fresque photographique dans le hall du cin\u00e9ma le Navire et \u00e0 reconna\u00eetre votre image. Il \u00e9tait une fois, un festival r\u00e9v\u00e9l\u00e9 par les visages de ses festivaliers, b\u00e9n\u00e9voles, \u00e9quipes, partenaires\u2026Avec son installation artistique La [&hellip;]\" \/>\n<meta property=\"og:url\" content=\"https:\/\/rencontrescinemas.eu\/2025\/related\/le-sens-de-la-terre\/\" \/>\n<meta property=\"og:site_name\" content=\"Rencontres des cin\u00e9mas d&#039;Europe 2025\" \/>\n<meta property=\"article:modified_time\" content=\"2025-11-05T15:38:33+00:00\" \/>\n<meta property=\"og:image\" content=\"https:\/\/rencontrescinemas.eu\/2025\/wp-content\/uploads\/sites\/8\/2025\/11\/LST-La-Fresque-07.10.2024--scaled.jpg\" \/>\n\t<meta property=\"og:image:width\" content=\"2560\" \/>\n\t<meta property=\"og:image:height\" content=\"2560\" \/>\n<meta name=\"twitter:card\" content=\"summary_large_image\" \/>\n<meta name=\"twitter:label1\" content=\"Dur\u00e9e de lecture est.\" \/>\n\t<meta name=\"twitter:data1\" content=\"1 minute\" \/>\n<script type=\"application\/ld+json\" class=\"yoast-schema-graph\">{\"@context\":\"https:\/\/schema.org\",\"@graph\":[{\"@type\":\"WebSite\",\"@id\":\"https:\/\/rencontrescinemas.eu\/2025\/#website\",\"url\":\"https:\/\/rencontrescinemas.eu\/2025\/\",\"name\":\"Rencontres des cin\\u00e9mas d&#039;Europe 2025\",\"description\":\"Un site utilisant Les Rencontres des Cin\\u00e9mas d'Europe\",\"potentialAction\":[{\"@type\":\"SearchAction\",\"target\":{\"@type\":\"EntryPoint\",\"urlTemplate\":\"https:\/\/rencontrescinemas.eu\/2025\/?s={search_term_string}\"},\"query-input\":\"required name=search_term_string\"}],\"inLanguage\":\"fr-FR\"},{\"@type\":\"ImageObject\",\"@id\":\"https:\/\/rencontrescinemas.eu\/2025\/related\/le-sens-de-la-terre\/#primaryimage\",\"inLanguage\":\"fr-FR\",\"url\":\"https:\/\/rencontrescinemas.eu\/2025\/wp-content\/uploads\/sites\/8\/2025\/11\/LST-La-Fresque-07.10.2024--scaled.jpg\",\"contentUrl\":\"https:\/\/rencontrescinemas.eu\/2025\/wp-content\/uploads\/sites\/8\/2025\/11\/LST-La-Fresque-07.10.2024--scaled.jpg\",\"width\":2560,\"height\":2560},{\"@type\":\"WebPage\",\"@id\":\"https:\/\/rencontrescinemas.eu\/2025\/related\/le-sens-de-la-terre\/#webpage\",\"url\":\"https:\/\/rencontrescinemas.eu\/2025\/related\/le-sens-de-la-terre\/\",\"name\":\"Le sens de la terre - Rencontres des cin\\u00e9mas d&#039;Europe 2025\",\"isPartOf\":{\"@id\":\"https:\/\/rencontrescinemas.eu\/2025\/#website\"},\"primaryImageOfPage\":{\"@id\":\"https:\/\/rencontrescinemas.eu\/2025\/related\/le-sens-de-la-terre\/#primaryimage\"},\"datePublished\":\"2025-11-05T14:58:02+00:00\",\"dateModified\":\"2025-11-05T15:38:33+00:00\",\"breadcrumb\":{\"@id\":\"https:\/\/rencontrescinemas.eu\/2025\/related\/le-sens-de-la-terre\/#breadcrumb\"},\"inLanguage\":\"fr-FR\",\"potentialAction\":[{\"@type\":\"ReadAction\",\"target\":[\"https:\/\/rencontrescinemas.eu\/2025\/related\/le-sens-de-la-terre\/\"]}]},{\"@type\":\"BreadcrumbList\",\"@id\":\"https:\/\/rencontrescinemas.eu\/2025\/related\/le-sens-de-la-terre\/#breadcrumb\",\"itemListElement\":[{\"@type\":\"ListItem\",\"position\":1,\"name\":\"Accueil\",\"item\":\"https:\/\/rencontrescinemas.eu\/2025\/\"},{\"@type\":\"ListItem\",\"position\":2,\"name\":\"Et aussi...\",\"item\":\"https:\/\/rencontrescinemas.eu\/2025\/related\/\"},{\"@type\":\"ListItem\",\"position\":3,\"name\":\"Le sens de la terre\"}]}]}<\/script>\n<!-- \/ Yoast SEO plugin. -->","yoast_head_json":{"robots":{"index":"index","follow":"follow","max-snippet":"max-snippet:-1","max-image-preview":"max-image-preview:large","max-video-preview":"max-video-preview:-1"},"canonical":"https:\/\/rencontrescinemas.eu\/2025\/related\/le-sens-de-la-terre\/","og_locale":"fr_FR","og_type":"article","og_title":"Le sens de la terre - Rencontres des cin\u00e9mas d&#039;Europe 2025","og_description":"nos diff\u00e9rences sont nos richesses par Muriel Borovi Cette artiste auteure, photographe, passeuse du vivant, vous invite \u00e0 participer \u00e0 une fresque photographique dans le hall du cin\u00e9ma le Navire et \u00e0 reconna\u00eetre votre image. Il \u00e9tait une fois, un festival r\u00e9v\u00e9l\u00e9 par les visages de ses festivaliers, b\u00e9n\u00e9voles, \u00e9quipes, partenaires\u2026Avec son installation artistique La [&hellip;]","og_url":"https:\/\/rencontrescinemas.eu\/2025\/related\/le-sens-de-la-terre\/","og_site_name":"Rencontres des cin\u00e9mas d&#039;Europe 2025","article_modified_time":"2025-11-05T15:38:33+00:00","og_image":[{"width":2560,"height":2560,"url":"https:\/\/rencontrescinemas.eu\/2025\/wp-content\/uploads\/sites\/8\/2025\/11\/LST-La-Fresque-07.10.2024--scaled.jpg","type":"image\/jpeg"}],"twitter_card":"summary_large_image","twitter_misc":{"Dur\u00e9e de lecture est.":"1 minute"},"schema":{"@context":"https:\/\/schema.org","@graph":[{"@type":"WebSite","@id":"https:\/\/rencontrescinemas.eu\/2025\/#website","url":"https:\/\/rencontrescinemas.eu\/2025\/","name":"Rencontres des cin\u00e9mas d&#039;Europe 2025","description":"Un site utilisant Les Rencontres des Cin\u00e9mas d'Europe","potentialAction":[{"@type":"SearchAction","target":{"@type":"EntryPoint","urlTemplate":"https:\/\/rencontrescinemas.eu\/2025\/?s={search_term_string}"},"query-input":"required name=search_term_string"}],"inLanguage":"fr-FR"},{"@type":"ImageObject","@id":"https:\/\/rencontrescinemas.eu\/2025\/related\/le-sens-de-la-terre\/#primaryimage","inLanguage":"fr-FR","url":"https:\/\/rencontrescinemas.eu\/2025\/wp-content\/uploads\/sites\/8\/2025\/11\/LST-La-Fresque-07.10.2024--scaled.jpg","contentUrl":"https:\/\/rencontrescinemas.eu\/2025\/wp-content\/uploads\/sites\/8\/2025\/11\/LST-La-Fresque-07.10.2024--scaled.jpg","width":2560,"height":2560},{"@type":"WebPage","@id":"https:\/\/rencontrescinemas.eu\/2025\/related\/le-sens-de-la-terre\/#webpage","url":"https:\/\/rencontrescinemas.eu\/2025\/related\/le-sens-de-la-terre\/","name":"Le sens de la terre - Rencontres des cin\u00e9mas d&#039;Europe 2025","isPartOf":{"@id":"https:\/\/rencontrescinemas.eu\/2025\/#website"},"primaryImageOfPage":{"@id":"https:\/\/rencontrescinemas.eu\/2025\/related\/le-sens-de-la-terre\/#primaryimage"},"datePublished":"2025-11-05T14:58:02+00:00","dateModified":"2025-11-05T15:38:33+00:00","breadcrumb":{"@id":"https:\/\/rencontrescinemas.eu\/2025\/related\/le-sens-de-la-terre\/#breadcrumb"},"inLanguage":"fr-FR","potentialAction":[{"@type":"ReadAction","target":["https:\/\/rencontrescinemas.eu\/2025\/related\/le-sens-de-la-terre\/"]}]},{"@type":"BreadcrumbList","@id":"https:\/\/rencontrescinemas.eu\/2025\/related\/le-sens-de-la-terre\/#breadcrumb","itemListElement":[{"@type":"ListItem","position":1,"name":"Accueil","item":"https:\/\/rencontrescinemas.eu\/2025\/"},{"@type":"ListItem","position":2,"name":"Et aussi...","item":"https:\/\/rencontrescinemas.eu\/2025\/related\/"},{"@type":"ListItem","position":3,"name":"Le sens de la terre"}]}]}},"_links":{"self":[{"href":"https:\/\/rencontrescinemas.eu\/2025\/wp-json\/wp\/v2\/related\/961","targetHints":{"allow":["GET"]}}],"collection":[{"href":"https:\/\/rencontrescinemas.eu\/2025\/wp-json\/wp\/v2\/related"}],"about":[{"href":"https:\/\/rencontrescinemas.eu\/2025\/wp-json\/wp\/v2\/types\/related"}],"wp:featuredmedia":[{"embeddable":true,"href":"https:\/\/rencontrescinemas.eu\/2025\/wp-json\/wp\/v2\/media\/964"}],"wp:attachment":[{"href":"https:\/\/rencontrescinemas.eu\/2025\/wp-json\/wp\/v2\/media?parent=961"}],"curies":[{"name":"wp","href":"https:\/\/api.w.org\/{rel}","templated":true}]}}

<h2 class="wp-block-heading">nos différences sont nos richesses</h2>



<p>par Muriel Borovi</p>



<p><br>Cette artiste auteure, photographe, passeuse du vivant, vous invite à participer à une fresque photographique dans le hall du cinéma le Navire et à reconnaître votre image. Il était une fois, un festival révélé par les visages de ses festivaliers, bénévoles, équipes, partenaires…<br>Avec son installation artistique La Photomobile, Muriel va réaliser des portraits proposant ainsi un nouveau regard sur le festival. <br><em>Les personnes volontaires participant à cette exposition signent une cession de droits à l’image et recevront également un tirage 10 x 15 cm à prix libre, puis une version numérique.</em></p>



<p><strong>Dans le hall du Navire.</strong></p>

<!-- This site is optimized with the Yoast SEO plugin v17.5 - https://yoast.com/wordpress/plugins/seo/ -->
<meta name="robots" content="index, follow, max-snippet:-1, max-image-preview:large, max-video-preview:-1" />
<link rel="canonical" href="https://rencontrescinemas.eu/2025/related/le-sens-de-la-terre/" />
<meta property="og:locale" content="fr_FR" />
<meta property="og:type" content="article" />
<meta property="og:title" content="Le sens de la terre - Rencontres des cinémas d&#039;Europe 2025" />
<meta property="og:description" content="nos différences sont nos richesses par Muriel Borovi Cette artiste auteure, photographe, passeuse du vivant, vous invite à participer à une fresque photographique dans le hall du cinéma le Navire et à reconnaître votre image. Il était une fois, un festival révélé par les visages de ses festivaliers, bénévoles, équipes, partenaires…Avec son installation artistique La [&hellip;]" />
<meta property="og:url" content="https://rencontrescinemas.eu/2025/related/le-sens-de-la-terre/" />
<meta property="og:site_name" content="Rencontres des cinémas d&#039;Europe 2025" />
<meta property="article:modified_time" content="2025-11-05T15:38:33+00:00" />
<meta property="og:image" content="https://rencontrescinemas.eu/2025/wp-content/uploads/sites/8/2025/11/LST-La-Fresque-07.10.2024--scaled.jpg" />
	<meta property="og:image:width" content="2560" />
	<meta property="og:image:height" content="2560" />
<meta name="twitter:card" content="summary_large_image" />
<meta name="twitter:label1" content="Durée de lecture est." />
	<meta name="twitter:data1" content="1 minute" />
<script type="application/ld+json" class="yoast-schema-graph">{"@context":"https://schema.org","@graph":[{"@type":"WebSite","@id":"https://rencontrescinemas.eu/2025/#website","url":"https://rencontrescinemas.eu/2025/","name":"Rencontres des cin\u00e9mas d&#039;Europe 2025","description":"Un site utilisant Les Rencontres des Cin\u00e9mas d'Europe","potentialAction":[{"@type":"SearchAction","target":{"@type":"EntryPoint","urlTemplate":"https://rencontrescinemas.eu/2025/?s={search_term_string}"},"query-input":"required name=search_term_string"}],"inLanguage":"fr-FR"},{"@type":"ImageObject","@id":"https://rencontrescinemas.eu/2025/related/le-sens-de-la-terre/#primaryimage","inLanguage":"fr-FR","url":"https://rencontrescinemas.eu/2025/wp-content/uploads/sites/8/2025/11/LST-La-Fresque-07.10.2024--scaled.jpg","contentUrl":"https://rencontrescinemas.eu/2025/wp-content/uploads/sites/8/2025/11/LST-La-Fresque-07.10.2024--scaled.jpg","width":2560,"height":2560},{"@type":"WebPage","@id":"https://rencontrescinemas.eu/2025/related/le-sens-de-la-terre/#webpage","url":"https://rencontrescinemas.eu/2025/related/le-sens-de-la-terre/","name":"Le sens de la terre - Rencontres des cin\u00e9mas d&#039;Europe 2025","isPartOf":{"@id":"https://rencontrescinemas.eu/2025/#website"},"primaryImageOfPage":{"@id":"https://rencontrescinemas.eu/2025/related/le-sens-de-la-terre/#primaryimage"},"datePublished":"2025-11-05T14:58:02+00:00","dateModified":"2025-11-05T15:38:33+00:00","breadcrumb":{"@id":"https://rencontrescinemas.eu/2025/related/le-sens-de-la-terre/#breadcrumb"},"inLanguage":"fr-FR","potentialAction":[{"@type":"ReadAction","target":["https://rencontrescinemas.eu/2025/related/le-sens-de-la-terre/"]}]},{"@type":"BreadcrumbList","@id":"https://rencontrescinemas.eu/2025/related/le-sens-de-la-terre/#breadcrumb","itemListElement":[{"@type":"ListItem","position":1,"name":"Accueil","item":"https://rencontrescinemas.eu/2025/"},{"@type":"ListItem","position":2,"name":"Et aussi...","item":"https://rencontrescinemas.eu/2025/related/"},{"@type":"ListItem","position":3,"name":"Le sens de la terre"}]}]}</script>
<!-- / Yoast SEO plugin. -->

Le sens de la terre - Rencontres des cinémas d&#039;Europe 2025

nos différences sont nos richesses par Muriel Borovi Cette artiste auteure, photographe, passeuse du vivant, vous invite à participer à une fresque photographique dans le hall du cinéma le Navire et à reconnaître votre image. Il était une fois, un festival révélé par les visages de ses festivaliers, bénévoles, équipes, partenaires…Avec son installation artistique La [&hellip;]

Rencontres des cinémas d&#039;Europe 2025

Un site utilisant Les Rencontres des Cinémas d'Europe
