{"id":375,"date":"2025-10-28T18:03:10","date_gmt":"2025-10-28T17:03:10","guid":{"rendered":"https:\/\/rencontrescinemas.eu\/2025\/?post_type=tribute&#038;p=375"},"modified":"2025-10-28T18:21:27","modified_gmt":"2025-10-28T17:21:27","slug":"hommage","status":"publish","type":"tribute","link":"https:\/\/rencontrescinemas.eu\/2025\/tribute\/hommage\/","title":{"rendered":"Margarethe von Trotta"},"content":{"rendered":"\n<div class=\"wp-block-columns is-layout-flex wp-container-core-columns-is-layout-9d6595d7 wp-block-columns-is-layout-flex\">\n<div class=\"wp-block-column is-layout-flow wp-block-column-is-layout-flow\" style=\"flex-basis:100%\">\n<figure class=\"wp-block-gallery has-nested-images columns-default is-cropped wp-block-gallery-1 is-layout-flex wp-block-gallery-is-layout-flex\">\n<figure class=\"wp-block-image size-full\"><img loading=\"lazy\" decoding=\"async\" width=\"607\" height=\"286\" data-id=\"791\" src=\"https:\/\/rencontrescinemas.eu\/2025\/wp-content\/uploads\/sites\/8\/2025\/09\/69181874-48457100-e1761670786617.jpg\" alt=\"\" class=\"wp-image-791\" srcset=\"https:\/\/rencontrescinemas.eu\/2025\/wp-content\/uploads\/sites\/8\/2025\/09\/69181874-48457100-e1761670786617.jpg 607w, https:\/\/rencontrescinemas.eu\/2025\/wp-content\/uploads\/sites\/8\/2025\/09\/69181874-48457100-e1761670786617-300x141.jpg 300w, https:\/\/rencontrescinemas.eu\/2025\/wp-content\/uploads\/sites\/8\/2025\/09\/69181874-48457100-e1761670786617-170x80.jpg 170w\" sizes=\"auto, (max-width: 607px) 100vw, 607px\" \/><\/figure>\n<\/figure>\n<\/div>\n<\/div>\n\n\n\n<p>Margarethe von Trotta est une r\u00e9alisatrice et sc\u00e9nariste allemande, figure embl\u00e9matique du cin\u00e9ma europ\u00e9en depuis les ann\u00e9es 1970. Pionni\u00e8re du cin\u00e9ma f\u00e9ministe, elle a su imposer une \u0153uvre profond\u00e9ment engag\u00e9e, centr\u00e9e sur des portraits de femmes fortes, complexes et souvent confront\u00e9es \u00e0 des dilemmes politiques ou personnels. Son cin\u00e9ma m\u00eale histoire et intimit\u00e9, donnant \u00e0 voir les luttes int\u00e9rieures et collectives dans des contextes historiques souvent marqu\u00e9s par la violence, la r\u00e9sistance et la qu\u00eate de justice. Des films comme Marianne et Juliane ou Rosa Luxemburg t\u00e9moignent de son attention particuli\u00e8re port\u00e9e aux figures f\u00e9minines oubli\u00e9es ou marginalis\u00e9es, tout en interrogeant les questions de pouvoir, de m\u00e9moire et d\u2019identit\u00e9. Au fil de sa carri\u00e8re, Margarethe von Trotta a fa\u00e7onn\u00e9 une esth\u00e9tique singuli\u00e8re, alliant rigueur narrative et \u00e9motion intense, et a largement contribu\u00e9 \u00e0 renouveler la repr\u00e9sentation des femmes au cin\u00e9ma. Son \u0153uvre reste une r\u00e9f\u00e9rence incontournable pour les cin\u00e9astes engag\u00e9es et un point d\u2019ancrage majeur pour penser les rapports entre politique et subjectivit\u00e9.<\/p>\n\n\n\n<p><em>Les s\u00e9ances pr\u00e9sent\u00e9es par V\u00e9ronique Le Bris ou Mathilde Irrmann<\/em><\/p>\n","protected":false},"featured_media":791,"template":"","class_list":["post-375","tribute","type-tribute","status-publish","has-post-thumbnail","hentry"],"yoast_head":"<!-- This site is optimized with the Yoast SEO plugin v17.5 - https:\/\/yoast.com\/wordpress\/plugins\/seo\/ -->\n<meta name=\"robots\" content=\"index, follow, max-snippet:-1, max-image-preview:large, max-video-preview:-1\" \/>\n<link rel=\"canonical\" href=\"https:\/\/rencontrescinemas.eu\/2025\/tribute\/hommage\/\" \/>\n<meta property=\"og:locale\" content=\"fr_FR\" \/>\n<meta property=\"og:type\" content=\"article\" \/>\n<meta property=\"og:title\" content=\"Margarethe von Trotta - Rencontres des cin\u00e9mas d&#039;Europe 2025\" \/>\n<meta property=\"og:description\" content=\"Margarethe von Trotta est une r\u00e9alisatrice et sc\u00e9nariste allemande, figure embl\u00e9matique du cin\u00e9ma europ\u00e9en depuis les ann\u00e9es 1970. Pionni\u00e8re du cin\u00e9ma f\u00e9ministe, elle a su imposer une \u0153uvre profond\u00e9ment engag\u00e9e, centr\u00e9e sur des portraits de femmes fortes, complexes et souvent confront\u00e9es \u00e0 des dilemmes politiques ou personnels. Son cin\u00e9ma m\u00eale histoire et intimit\u00e9, donnant \u00e0 [&hellip;]\" \/>\n<meta property=\"og:url\" content=\"https:\/\/rencontrescinemas.eu\/2025\/tribute\/hommage\/\" \/>\n<meta property=\"og:site_name\" content=\"Rencontres des cin\u00e9mas d&#039;Europe 2025\" \/>\n<meta property=\"article:modified_time\" content=\"2025-10-28T17:21:27+00:00\" \/>\n<meta property=\"og:image\" content=\"https:\/\/rencontrescinemas.eu\/2025\/wp-content\/uploads\/sites\/8\/2025\/09\/69181874-48457100-e1761670786617.jpg\" \/>\n\t<meta property=\"og:image:width\" content=\"607\" \/>\n\t<meta property=\"og:image:height\" content=\"286\" \/>\n<meta name=\"twitter:card\" content=\"summary_large_image\" \/>\n<meta name=\"twitter:label1\" content=\"Dur\u00e9e de lecture est.\" \/>\n\t<meta name=\"twitter:data1\" content=\"1 minute\" \/>\n<script type=\"application\/ld+json\" class=\"yoast-schema-graph\">{\"@context\":\"https:\/\/schema.org\",\"@graph\":[{\"@type\":\"WebSite\",\"@id\":\"https:\/\/rencontrescinemas.eu\/2025\/#website\",\"url\":\"https:\/\/rencontrescinemas.eu\/2025\/\",\"name\":\"Rencontres des cin\\u00e9mas d&#039;Europe 2025\",\"description\":\"Un site utilisant Les Rencontres des Cin\\u00e9mas d'Europe\",\"potentialAction\":[{\"@type\":\"SearchAction\",\"target\":{\"@type\":\"EntryPoint\",\"urlTemplate\":\"https:\/\/rencontrescinemas.eu\/2025\/?s={search_term_string}\"},\"query-input\":\"required name=search_term_string\"}],\"inLanguage\":\"fr-FR\"},{\"@type\":\"ImageObject\",\"@id\":\"https:\/\/rencontrescinemas.eu\/2025\/tribute\/hommage\/#primaryimage\",\"inLanguage\":\"fr-FR\",\"url\":\"https:\/\/rencontrescinemas.eu\/2025\/wp-content\/uploads\/sites\/8\/2025\/09\/69181874-48457100-e1761670786617.jpg\",\"contentUrl\":\"https:\/\/rencontrescinemas.eu\/2025\/wp-content\/uploads\/sites\/8\/2025\/09\/69181874-48457100-e1761670786617.jpg\",\"width\":607,\"height\":286},{\"@type\":\"WebPage\",\"@id\":\"https:\/\/rencontrescinemas.eu\/2025\/tribute\/hommage\/#webpage\",\"url\":\"https:\/\/rencontrescinemas.eu\/2025\/tribute\/hommage\/\",\"name\":\"Margarethe von Trotta - Rencontres des cin\\u00e9mas d&#039;Europe 2025\",\"isPartOf\":{\"@id\":\"https:\/\/rencontrescinemas.eu\/2025\/#website\"},\"primaryImageOfPage\":{\"@id\":\"https:\/\/rencontrescinemas.eu\/2025\/tribute\/hommage\/#primaryimage\"},\"datePublished\":\"2025-10-28T17:03:10+00:00\",\"dateModified\":\"2025-10-28T17:21:27+00:00\",\"breadcrumb\":{\"@id\":\"https:\/\/rencontrescinemas.eu\/2025\/tribute\/hommage\/#breadcrumb\"},\"inLanguage\":\"fr-FR\",\"potentialAction\":[{\"@type\":\"ReadAction\",\"target\":[\"https:\/\/rencontrescinemas.eu\/2025\/tribute\/hommage\/\"]}]},{\"@type\":\"BreadcrumbList\",\"@id\":\"https:\/\/rencontrescinemas.eu\/2025\/tribute\/hommage\/#breadcrumb\",\"itemListElement\":[{\"@type\":\"ListItem\",\"position\":1,\"name\":\"Accueil\",\"item\":\"https:\/\/rencontrescinemas.eu\/2025\/\"},{\"@type\":\"ListItem\",\"position\":2,\"name\":\"Hommages\",\"item\":\"https:\/\/rencontrescinemas.eu\/2025\/tribute\/\"},{\"@type\":\"ListItem\",\"position\":3,\"name\":\"Margarethe von Trotta\"}]}]}<\/script>\n<!-- \/ Yoast SEO plugin. -->","yoast_head_json":{"robots":{"index":"index","follow":"follow","max-snippet":"max-snippet:-1","max-image-preview":"max-image-preview:large","max-video-preview":"max-video-preview:-1"},"canonical":"https:\/\/rencontrescinemas.eu\/2025\/tribute\/hommage\/","og_locale":"fr_FR","og_type":"article","og_title":"Margarethe von Trotta - Rencontres des cin\u00e9mas d&#039;Europe 2025","og_description":"Margarethe von Trotta est une r\u00e9alisatrice et sc\u00e9nariste allemande, figure embl\u00e9matique du cin\u00e9ma europ\u00e9en depuis les ann\u00e9es 1970. Pionni\u00e8re du cin\u00e9ma f\u00e9ministe, elle a su imposer une \u0153uvre profond\u00e9ment engag\u00e9e, centr\u00e9e sur des portraits de femmes fortes, complexes et souvent confront\u00e9es \u00e0 des dilemmes politiques ou personnels. Son cin\u00e9ma m\u00eale histoire et intimit\u00e9, donnant \u00e0 [&hellip;]","og_url":"https:\/\/rencontrescinemas.eu\/2025\/tribute\/hommage\/","og_site_name":"Rencontres des cin\u00e9mas d&#039;Europe 2025","article_modified_time":"2025-10-28T17:21:27+00:00","og_image":[{"width":607,"height":286,"url":"https:\/\/rencontrescinemas.eu\/2025\/wp-content\/uploads\/sites\/8\/2025\/09\/69181874-48457100-e1761670786617.jpg","type":"image\/jpeg"}],"twitter_card":"summary_large_image","twitter_misc":{"Dur\u00e9e de lecture est.":"1 minute"},"schema":{"@context":"https:\/\/schema.org","@graph":[{"@type":"WebSite","@id":"https:\/\/rencontrescinemas.eu\/2025\/#website","url":"https:\/\/rencontrescinemas.eu\/2025\/","name":"Rencontres des cin\u00e9mas d&#039;Europe 2025","description":"Un site utilisant Les Rencontres des Cin\u00e9mas d'Europe","potentialAction":[{"@type":"SearchAction","target":{"@type":"EntryPoint","urlTemplate":"https:\/\/rencontrescinemas.eu\/2025\/?s={search_term_string}"},"query-input":"required name=search_term_string"}],"inLanguage":"fr-FR"},{"@type":"ImageObject","@id":"https:\/\/rencontrescinemas.eu\/2025\/tribute\/hommage\/#primaryimage","inLanguage":"fr-FR","url":"https:\/\/rencontrescinemas.eu\/2025\/wp-content\/uploads\/sites\/8\/2025\/09\/69181874-48457100-e1761670786617.jpg","contentUrl":"https:\/\/rencontrescinemas.eu\/2025\/wp-content\/uploads\/sites\/8\/2025\/09\/69181874-48457100-e1761670786617.jpg","width":607,"height":286},{"@type":"WebPage","@id":"https:\/\/rencontrescinemas.eu\/2025\/tribute\/hommage\/#webpage","url":"https:\/\/rencontrescinemas.eu\/2025\/tribute\/hommage\/","name":"Margarethe von Trotta - Rencontres des cin\u00e9mas d&#039;Europe 2025","isPartOf":{"@id":"https:\/\/rencontrescinemas.eu\/2025\/#website"},"primaryImageOfPage":{"@id":"https:\/\/rencontrescinemas.eu\/2025\/tribute\/hommage\/#primaryimage"},"datePublished":"2025-10-28T17:03:10+00:00","dateModified":"2025-10-28T17:21:27+00:00","breadcrumb":{"@id":"https:\/\/rencontrescinemas.eu\/2025\/tribute\/hommage\/#breadcrumb"},"inLanguage":"fr-FR","potentialAction":[{"@type":"ReadAction","target":["https:\/\/rencontrescinemas.eu\/2025\/tribute\/hommage\/"]}]},{"@type":"BreadcrumbList","@id":"https:\/\/rencontrescinemas.eu\/2025\/tribute\/hommage\/#breadcrumb","itemListElement":[{"@type":"ListItem","position":1,"name":"Accueil","item":"https:\/\/rencontrescinemas.eu\/2025\/"},{"@type":"ListItem","position":2,"name":"Hommages","item":"https:\/\/rencontrescinemas.eu\/2025\/tribute\/"},{"@type":"ListItem","position":3,"name":"Margarethe von Trotta"}]}]}},"_links":{"self":[{"href":"https:\/\/rencontrescinemas.eu\/2025\/wp-json\/wp\/v2\/tribute\/375","targetHints":{"allow":["GET"]}}],"collection":[{"href":"https:\/\/rencontrescinemas.eu\/2025\/wp-json\/wp\/v2\/tribute"}],"about":[{"href":"https:\/\/rencontrescinemas.eu\/2025\/wp-json\/wp\/v2\/types\/tribute"}],"wp:featuredmedia":[{"embeddable":true,"href":"https:\/\/rencontrescinemas.eu\/2025\/wp-json\/wp\/v2\/media\/791"}],"wp:attachment":[{"href":"https:\/\/rencontrescinemas.eu\/2025\/wp-json\/wp\/v2\/media?parent=375"}],"curies":[{"name":"wp","href":"https:\/\/api.w.org\/{rel}","templated":true}]}}

<div class="wp-block-columns is-layout-flex wp-container-core-columns-is-layout-9d6595d7 wp-block-columns-is-layout-flex">
<div class="wp-block-column is-layout-flow wp-block-column-is-layout-flow" style="flex-basis:100%">
<figure class="wp-block-gallery has-nested-images columns-default is-cropped wp-block-gallery-1 is-layout-flex wp-block-gallery-is-layout-flex">
<figure class="wp-block-image size-full"><img loading="lazy" decoding="async" width="607" height="286" data-id="791" src="https://rencontrescinemas.eu/2025/wp-content/uploads/sites/8/2025/09/69181874-48457100-e1761670786617.jpg" alt="" class="wp-image-791" srcset="https://rencontrescinemas.eu/2025/wp-content/uploads/sites/8/2025/09/69181874-48457100-e1761670786617.jpg 607w, https://rencontrescinemas.eu/2025/wp-content/uploads/sites/8/2025/09/69181874-48457100-e1761670786617-300x141.jpg 300w, https://rencontrescinemas.eu/2025/wp-content/uploads/sites/8/2025/09/69181874-48457100-e1761670786617-170x80.jpg 170w" sizes="auto, (max-width: 607px) 100vw, 607px" /></figure>
</figure>
</div>
</div>



<p>Margarethe von Trotta est une réalisatrice et scénariste allemande, figure emblématique du cinéma européen depuis les années 1970. Pionnière du cinéma féministe, elle a su imposer une œuvre profondément engagée, centrée sur des portraits de femmes fortes, complexes et souvent confrontées à des dilemmes politiques ou personnels. Son cinéma mêle histoire et intimité, donnant à voir les luttes intérieures et collectives dans des contextes historiques souvent marqués par la violence, la résistance et la quête de justice. Des films comme Marianne et Juliane ou Rosa Luxemburg témoignent de son attention particulière portée aux figures féminines oubliées ou marginalisées, tout en interrogeant les questions de pouvoir, de mémoire et d’identité. Au fil de sa carrière, Margarethe von Trotta a façonné une esthétique singulière, alliant rigueur narrative et émotion intense, et a largement contribué à renouveler la représentation des femmes au cinéma. Son œuvre reste une référence incontournable pour les cinéastes engagées et un point d’ancrage majeur pour penser les rapports entre politique et subjectivité.</p>



<p><em>Les séances présentées par Véronique Le Bris ou Mathilde Irrmann</em></p>

<!-- This site is optimized with the Yoast SEO plugin v17.5 - https://yoast.com/wordpress/plugins/seo/ -->
<meta name="robots" content="index, follow, max-snippet:-1, max-image-preview:large, max-video-preview:-1" />
<link rel="canonical" href="https://rencontrescinemas.eu/2025/tribute/hommage/" />
<meta property="og:locale" content="fr_FR" />
<meta property="og:type" content="article" />
<meta property="og:title" content="Margarethe von Trotta - Rencontres des cinémas d&#039;Europe 2025" />
<meta property="og:description" content="Margarethe von Trotta est une réalisatrice et scénariste allemande, figure emblématique du cinéma européen depuis les années 1970. Pionnière du cinéma féministe, elle a su imposer une œuvre profondément engagée, centrée sur des portraits de femmes fortes, complexes et souvent confrontées à des dilemmes politiques ou personnels. Son cinéma mêle histoire et intimité, donnant à [&hellip;]" />
<meta property="og:url" content="https://rencontrescinemas.eu/2025/tribute/hommage/" />
<meta property="og:site_name" content="Rencontres des cinémas d&#039;Europe 2025" />
<meta property="article:modified_time" content="2025-10-28T17:21:27+00:00" />
<meta property="og:image" content="https://rencontrescinemas.eu/2025/wp-content/uploads/sites/8/2025/09/69181874-48457100-e1761670786617.jpg" />
	<meta property="og:image:width" content="607" />
	<meta property="og:image:height" content="286" />
<meta name="twitter:card" content="summary_large_image" />
<meta name="twitter:label1" content="Durée de lecture est." />
	<meta name="twitter:data1" content="1 minute" />
<script type="application/ld+json" class="yoast-schema-graph">{"@context":"https://schema.org","@graph":[{"@type":"WebSite","@id":"https://rencontrescinemas.eu/2025/#website","url":"https://rencontrescinemas.eu/2025/","name":"Rencontres des cin\u00e9mas d&#039;Europe 2025","description":"Un site utilisant Les Rencontres des Cin\u00e9mas d'Europe","potentialAction":[{"@type":"SearchAction","target":{"@type":"EntryPoint","urlTemplate":"https://rencontrescinemas.eu/2025/?s={search_term_string}"},"query-input":"required name=search_term_string"}],"inLanguage":"fr-FR"},{"@type":"ImageObject","@id":"https://rencontrescinemas.eu/2025/tribute/hommage/#primaryimage","inLanguage":"fr-FR","url":"https://rencontrescinemas.eu/2025/wp-content/uploads/sites/8/2025/09/69181874-48457100-e1761670786617.jpg","contentUrl":"https://rencontrescinemas.eu/2025/wp-content/uploads/sites/8/2025/09/69181874-48457100-e1761670786617.jpg","width":607,"height":286},{"@type":"WebPage","@id":"https://rencontrescinemas.eu/2025/tribute/hommage/#webpage","url":"https://rencontrescinemas.eu/2025/tribute/hommage/","name":"Margarethe von Trotta - Rencontres des cin\u00e9mas d&#039;Europe 2025","isPartOf":{"@id":"https://rencontrescinemas.eu/2025/#website"},"primaryImageOfPage":{"@id":"https://rencontrescinemas.eu/2025/tribute/hommage/#primaryimage"},"datePublished":"2025-10-28T17:03:10+00:00","dateModified":"2025-10-28T17:21:27+00:00","breadcrumb":{"@id":"https://rencontrescinemas.eu/2025/tribute/hommage/#breadcrumb"},"inLanguage":"fr-FR","potentialAction":[{"@type":"ReadAction","target":["https://rencontrescinemas.eu/2025/tribute/hommage/"]}]},{"@type":"BreadcrumbList","@id":"https://rencontrescinemas.eu/2025/tribute/hommage/#breadcrumb","itemListElement":[{"@type":"ListItem","position":1,"name":"Accueil","item":"https://rencontrescinemas.eu/2025/"},{"@type":"ListItem","position":2,"name":"Hommages","item":"https://rencontrescinemas.eu/2025/tribute/"},{"@type":"ListItem","position":3,"name":"Margarethe von Trotta"}]}]}</script>
<!-- / Yoast SEO plugin. -->

Margarethe von Trotta - Rencontres des cinémas d&#039;Europe 2025

Margarethe von Trotta est une réalisatrice et scénariste allemande, figure emblématique du cinéma européen depuis les années 1970. Pionnière du cinéma féministe, elle a su imposer une œuvre profondément engagée, centrée sur des portraits de femmes fortes, complexes et souvent confrontées à des dilemmes politiques ou personnels. Son cinéma mêle histoire et intimité, donnant à [&hellip;]

Rencontres des cinémas d&#039;Europe 2025

Un site utilisant Les Rencontres des Cinémas d'Europe
